{"id":96,"date":"2021-12-06T17:46:51","date_gmt":"2021-12-06T16:46:51","guid":{"rendered":"https:\/\/fotoklub.sk\/?page_id=96"},"modified":"2021-12-06T17:46:52","modified_gmt":"2021-12-06T16:46:52","slug":"zuzana-weissova","status":"publish","type":"page","link":"https:\/\/fotoklub.sk\/?page_id=96","title":{"rendered":"Zuzana Weissov\u00e1"},"content":{"rendered":"\n<p>Fotografia patr\u00ed ku mne od detstva. V\u010fa\u010d\u00edm za to otcovi, ktor\u00fd viedol moje prv\u00e9 fotografick\u00e9 kroky. Spolu sme v na\u0161ej dom\u00e1cej fotokomore vyvol\u00e1vali moje prv\u00e9 pokusy o obr\u00e1zky. Zo zatajen\u00fdm dychom som \u010dakala na &#8222;\u010dosi&#8220;, \u010do sa pomaly objavovalo vo v\u00fdvojke a s nad\u0161en\u00edm val\u010dekovala moje aj otcove v\u00fdtvory v le\u0161ti\u010dke. Detstvo sa skon\u010dilo, pri\u0161la dospelos\u0165. Otec si zalo\u017eil \u017eivnos\u0165 a otvoril fotoateli\u00e9r. Moja cesta viedla pr\u00e1ve tu. Str\u00e1vila som desa\u0165ro\u010die vo fotoateli\u00e9ri ako predava\u010dka, fotografka a nakoniec ved\u00faca fotoateli\u00e9ru. Komer\u010dn\u00e1 fotografia za\u010dala by\u0165 pre m\u0148a stereotypn\u00e1 a preto som zvolila in\u00fa cestu a zamestnala som sa v maloobchode. V dne\u0161nej dobe pracujem ako mana\u017e\u00e9r obchodnej prev\u00e1dzky a hektick\u00e9 pracovn\u00e9 nasadenie kompenzujem svojou fotografickou tvorbou. Neexistuje obdobie m\u00f4jho \u017eivota, ktor\u00e9 by nebolo sp\u00e4t\u00e9 s fotografiou.<\/p>\n\n\n\n<p>Fotografia dnes pre m\u0148a znamen\u00e1 relax, pokoj, nad\u0161enie\u2026 em\u00f3cie.<\/p>\n","protected":false},"excerpt":{"rendered":"<p>Fotografia patr\u00ed ku mne od detstva. V\u010fa\u010d\u00edm za to otcovi, ktor\u00fd viedol moje prv\u00e9 fotografick\u00e9 kroky. Spolu sme v na\u0161ej dom\u00e1cej fotokomore vyvol\u00e1vali moje prv\u00e9 pokusy o obr\u00e1zky. Zo zatajen\u00fdm dychom som \u010dakala na &#8222;\u010dosi&#8220;, \u010do sa pomaly objavovalo vo v\u00fdvojke a s nad\u0161en\u00edm val\u010dekovala moje aj otcove v\u00fdtvory v le\u0161ti\u010dke. Detstvo sa skon\u010dilo, pri\u0161la &hellip;<br \/><a href=\"https:\/\/fotoklub.sk\/?page_id=96\" class=\"more-link pen_button pen_element_default pen_icon_arrow_double\">\u010c\u00edta\u0165 \u010falej <span class=\"screen-reader-text\">Zuzana Weissov\u00e1<\/span><\/a><\/p>\n","protected":false},"author":1,"featured_media":97,"parent":0,"menu_order":0,"comment_status":"closed","ping_status":"closed","template":"","meta":{"footnotes":""},"class_list":["post-96","page","type-page","status-publish","has-post-thumbnail","hentry"],"yoast_head":"<!-- This site is optimized with the Yoast SEO plugin v27.4 - https:\/\/yoast.com\/product\/yoast-seo-wordpress\/ -->\n<title>Zuzana Weissov\u00e1 - Fotoklub RK 1924<\/title>\n<meta name=\"robots\" content=\"index, follow, max-snippet:-1, max-image-preview:large, max-video-preview:-1\" \/>\n<link rel=\"canonical\" href=\"https:\/\/fotoklub.sk\/?page_id=96\" \/>\n<meta property=\"og:locale\" content=\"sk_SK\" \/>\n<meta property=\"og:type\" content=\"article\" \/>\n<meta property=\"og:title\" content=\"Zuzana Weissov\u00e1 - Fotoklub RK 1924\" \/>\n<meta property=\"og:description\" content=\"Fotografia patr\u00ed ku mne od detstva. V\u010fa\u010d\u00edm za to otcovi, ktor\u00fd viedol moje prv\u00e9 fotografick\u00e9 kroky. Spolu sme v na\u0161ej dom\u00e1cej fotokomore vyvol\u00e1vali moje prv\u00e9 pokusy o obr\u00e1zky. Zo zatajen\u00fdm dychom som \u010dakala na &#8222;\u010dosi&#8220;, \u010do sa pomaly objavovalo vo v\u00fdvojke a s nad\u0161en\u00edm val\u010dekovala moje aj otcove v\u00fdtvory v le\u0161ti\u010dke. Detstvo sa skon\u010dilo, pri\u0161la &hellip;\u010c\u00edta\u0165 \u010falej Zuzana Weissov\u00e1\" \/>\n<meta property=\"og:url\" content=\"https:\/\/fotoklub.sk\/?page_id=96\" \/>\n<meta property=\"og:site_name\" content=\"Fotoklub RK 1924\" \/>\n<meta property=\"article:modified_time\" content=\"2021-12-06T16:46:52+00:00\" \/>\n<meta property=\"og:image\" content=\"https:\/\/fotoklub.sk\/wp-content\/uploads\/2021\/12\/Weissova.jpg\" \/>\n\t<meta property=\"og:image:width\" content=\"500\" \/>\n\t<meta property=\"og:image:height\" content=\"648\" \/>\n\t<meta property=\"og:image:type\" content=\"image\/jpeg\" \/>\n<meta name=\"twitter:card\" content=\"summary_large_image\" \/>\n<meta name=\"twitter:label1\" content=\"Predpokladan\u00fd \u010das \u010d\u00edtania\" \/>\n\t<meta name=\"twitter:data1\" content=\"1 min\u00fata\" \/>\n<script type=\"application\/ld+json\" class=\"yoast-schema-graph\">{\"@context\":\"https:\\\/\\\/schema.org\",\"@graph\":[{\"@type\":\"WebPage\",\"@id\":\"https:\\\/\\\/fotoklub.sk\\\/?page_id=96\",\"url\":\"https:\\\/\\\/fotoklub.sk\\\/?page_id=96\",\"name\":\"Zuzana Weissov\u00e1 - Fotoklub RK 1924\",\"isPartOf\":{\"@id\":\"https:\\\/\\\/fotoklub.sk\\\/#website\"},\"primaryImageOfPage\":{\"@id\":\"https:\\\/\\\/fotoklub.sk\\\/?page_id=96#primaryimage\"},\"image\":{\"@id\":\"https:\\\/\\\/fotoklub.sk\\\/?page_id=96#primaryimage\"},\"thumbnailUrl\":\"https:\\\/\\\/fotoklub.sk\\\/wp-content\\\/uploads\\\/2021\\\/12\\\/Weissova.jpg\",\"datePublished\":\"2021-12-06T16:46:51+00:00\",\"dateModified\":\"2021-12-06T16:46:52+00:00\",\"breadcrumb\":{\"@id\":\"https:\\\/\\\/fotoklub.sk\\\/?page_id=96#breadcrumb\"},\"inLanguage\":\"sk-SK\",\"potentialAction\":[{\"@type\":\"ReadAction\",\"target\":[\"https:\\\/\\\/fotoklub.sk\\\/?page_id=96\"]}]},{\"@type\":\"ImageObject\",\"inLanguage\":\"sk-SK\",\"@id\":\"https:\\\/\\\/fotoklub.sk\\\/?page_id=96#primaryimage\",\"url\":\"https:\\\/\\\/fotoklub.sk\\\/wp-content\\\/uploads\\\/2021\\\/12\\\/Weissova.jpg\",\"contentUrl\":\"https:\\\/\\\/fotoklub.sk\\\/wp-content\\\/uploads\\\/2021\\\/12\\\/Weissova.jpg\",\"width\":500,\"height\":648},{\"@type\":\"BreadcrumbList\",\"@id\":\"https:\\\/\\\/fotoklub.sk\\\/?page_id=96#breadcrumb\",\"itemListElement\":[{\"@type\":\"ListItem\",\"position\":1,\"name\":\"Domov\",\"item\":\"https:\\\/\\\/fotoklub.sk\\\/\"},{\"@type\":\"ListItem\",\"position\":2,\"name\":\"Zuzana Weissov\u00e1\"}]},{\"@type\":\"WebSite\",\"@id\":\"https:\\\/\\\/fotoklub.sk\\\/#website\",\"url\":\"https:\\\/\\\/fotoklub.sk\\\/\",\"name\":\"Fotoklub RK 1924\",\"description\":\"1924 \u2013 2024 | 100 rokov nepretr\u017eitej existencie Fotoklubu\",\"publisher\":{\"@id\":\"https:\\\/\\\/fotoklub.sk\\\/#organization\"},\"alternateName\":\"Fotoklub Ru\u017eomberok\",\"potentialAction\":[{\"@type\":\"SearchAction\",\"target\":{\"@type\":\"EntryPoint\",\"urlTemplate\":\"https:\\\/\\\/fotoklub.sk\\\/?s={search_term_string}\"},\"query-input\":{\"@type\":\"PropertyValueSpecification\",\"valueRequired\":true,\"valueName\":\"search_term_string\"}}],\"inLanguage\":\"sk-SK\"},{\"@type\":\"Organization\",\"@id\":\"https:\\\/\\\/fotoklub.sk\\\/#organization\",\"name\":\"Fotoklub Ru\u017eomberok\",\"alternateName\":\"Ru\u017eombersk\u00fd fotoklub\",\"url\":\"https:\\\/\\\/fotoklub.sk\\\/\",\"logo\":{\"@type\":\"ImageObject\",\"inLanguage\":\"sk-SK\",\"@id\":\"https:\\\/\\\/fotoklub.sk\\\/#\\\/schema\\\/logo\\\/image\\\/\",\"url\":\"https:\\\/\\\/fotoklub.sk\\\/wp-content\\\/uploads\\\/2025\\\/02\\\/Logo_new.png\",\"contentUrl\":\"https:\\\/\\\/fotoklub.sk\\\/wp-content\\\/uploads\\\/2025\\\/02\\\/Logo_new.png\",\"width\":100,\"height\":98,\"caption\":\"Fotoklub Ru\u017eomberok\"},\"image\":{\"@id\":\"https:\\\/\\\/fotoklub.sk\\\/#\\\/schema\\\/logo\\\/image\\\/\"}}]}<\/script>\n<!-- \/ Yoast SEO plugin. -->","yoast_head_json":{"title":"Zuzana Weissov\u00e1 - Fotoklub RK 1924","robots":{"index":"index","follow":"follow","max-snippet":"max-snippet:-1","max-image-preview":"max-image-preview:large","max-video-preview":"max-video-preview:-1"},"canonical":"https:\/\/fotoklub.sk\/?page_id=96","og_locale":"sk_SK","og_type":"article","og_title":"Zuzana Weissov\u00e1 - Fotoklub RK 1924","og_description":"Fotografia patr\u00ed ku mne od detstva. V\u010fa\u010d\u00edm za to otcovi, ktor\u00fd viedol moje prv\u00e9 fotografick\u00e9 kroky. Spolu sme v na\u0161ej dom\u00e1cej fotokomore vyvol\u00e1vali moje prv\u00e9 pokusy o obr\u00e1zky. Zo zatajen\u00fdm dychom som \u010dakala na &#8222;\u010dosi&#8220;, \u010do sa pomaly objavovalo vo v\u00fdvojke a s nad\u0161en\u00edm val\u010dekovala moje aj otcove v\u00fdtvory v le\u0161ti\u010dke. Detstvo sa skon\u010dilo, pri\u0161la &hellip;\u010c\u00edta\u0165 \u010falej Zuzana Weissov\u00e1","og_url":"https:\/\/fotoklub.sk\/?page_id=96","og_site_name":"Fotoklub RK 1924","article_modified_time":"2021-12-06T16:46:52+00:00","og_image":[{"width":500,"height":648,"url":"https:\/\/fotoklub.sk\/wp-content\/uploads\/2021\/12\/Weissova.jpg","type":"image\/jpeg"}],"twitter_card":"summary_large_image","twitter_misc":{"Predpokladan\u00fd \u010das \u010d\u00edtania":"1 min\u00fata"},"schema":{"@context":"https:\/\/schema.org","@graph":[{"@type":"WebPage","@id":"https:\/\/fotoklub.sk\/?page_id=96","url":"https:\/\/fotoklub.sk\/?page_id=96","name":"Zuzana Weissov\u00e1 - Fotoklub RK 1924","isPartOf":{"@id":"https:\/\/fotoklub.sk\/#website"},"primaryImageOfPage":{"@id":"https:\/\/fotoklub.sk\/?page_id=96#primaryimage"},"image":{"@id":"https:\/\/fotoklub.sk\/?page_id=96#primaryimage"},"thumbnailUrl":"https:\/\/fotoklub.sk\/wp-content\/uploads\/2021\/12\/Weissova.jpg","datePublished":"2021-12-06T16:46:51+00:00","dateModified":"2021-12-06T16:46:52+00:00","breadcrumb":{"@id":"https:\/\/fotoklub.sk\/?page_id=96#breadcrumb"},"inLanguage":"sk-SK","potentialAction":[{"@type":"ReadAction","target":["https:\/\/fotoklub.sk\/?page_id=96"]}]},{"@type":"ImageObject","inLanguage":"sk-SK","@id":"https:\/\/fotoklub.sk\/?page_id=96#primaryimage","url":"https:\/\/fotoklub.sk\/wp-content\/uploads\/2021\/12\/Weissova.jpg","contentUrl":"https:\/\/fotoklub.sk\/wp-content\/uploads\/2021\/12\/Weissova.jpg","width":500,"height":648},{"@type":"BreadcrumbList","@id":"https:\/\/fotoklub.sk\/?page_id=96#breadcrumb","itemListElement":[{"@type":"ListItem","position":1,"name":"Domov","item":"https:\/\/fotoklub.sk\/"},{"@type":"ListItem","position":2,"name":"Zuzana Weissov\u00e1"}]},{"@type":"WebSite","@id":"https:\/\/fotoklub.sk\/#website","url":"https:\/\/fotoklub.sk\/","name":"Fotoklub RK 1924","description":"1924 \u2013 2024 | 100 rokov nepretr\u017eitej existencie Fotoklubu","publisher":{"@id":"https:\/\/fotoklub.sk\/#organization"},"alternateName":"Fotoklub Ru\u017eomberok","potentialAction":[{"@type":"SearchAction","target":{"@type":"EntryPoint","urlTemplate":"https:\/\/fotoklub.sk\/?s={search_term_string}"},"query-input":{"@type":"PropertyValueSpecification","valueRequired":true,"valueName":"search_term_string"}}],"inLanguage":"sk-SK"},{"@type":"Organization","@id":"https:\/\/fotoklub.sk\/#organization","name":"Fotoklub Ru\u017eomberok","alternateName":"Ru\u017eombersk\u00fd fotoklub","url":"https:\/\/fotoklub.sk\/","logo":{"@type":"ImageObject","inLanguage":"sk-SK","@id":"https:\/\/fotoklub.sk\/#\/schema\/logo\/image\/","url":"https:\/\/fotoklub.sk\/wp-content\/uploads\/2025\/02\/Logo_new.png","contentUrl":"https:\/\/fotoklub.sk\/wp-content\/uploads\/2025\/02\/Logo_new.png","width":100,"height":98,"caption":"Fotoklub Ru\u017eomberok"},"image":{"@id":"https:\/\/fotoklub.sk\/#\/schema\/logo\/image\/"}}]}},"jetpack_sharing_enabled":true,"_links":{"self":[{"href":"https:\/\/fotoklub.sk\/index.php?rest_route=\/wp\/v2\/pages\/96","targetHints":{"allow":["GET"]}}],"collection":[{"href":"https:\/\/fotoklub.sk\/index.php?rest_route=\/wp\/v2\/pages"}],"about":[{"href":"https:\/\/fotoklub.sk\/index.php?rest_route=\/wp\/v2\/types\/page"}],"author":[{"embeddable":true,"href":"https:\/\/fotoklub.sk\/index.php?rest_route=\/wp\/v2\/users\/1"}],"replies":[{"embeddable":true,"href":"https:\/\/fotoklub.sk\/index.php?rest_route=%2Fwp%2Fv2%2Fcomments&post=96"}],"version-history":[{"count":1,"href":"https:\/\/fotoklub.sk\/index.php?rest_route=\/wp\/v2\/pages\/96\/revisions"}],"predecessor-version":[{"id":98,"href":"https:\/\/fotoklub.sk\/index.php?rest_route=\/wp\/v2\/pages\/96\/revisions\/98"}],"wp:featuredmedia":[{"embeddable":true,"href":"https:\/\/fotoklub.sk\/index.php?rest_route=\/wp\/v2\/media\/97"}],"wp:attachment":[{"href":"https:\/\/fotoklub.sk\/index.php?rest_route=%2Fwp%2Fv2%2Fmedia&parent=96"}],"curies":[{"name":"wp","href":"https:\/\/api.w.org\/{rel}","templated":true}]}}

Zuzana Weissová

<p>Fotografia patrí ku mne od detstva. Vďačím za to otcovi, ktorý viedol moje prvé fotografické kroky. Spolu sme v našej domácej fotokomore vyvolávali moje prvé pokusy o obrázky. Zo zatajeným dychom som čakala na &#8222;čosi&#8220;, čo sa pomaly objavovalo vo vývojke a s nadšením valčekovala moje aj otcove výtvory v leštičke. Detstvo sa skončilo, prišla dospelosť. Otec si založil živnosť a otvoril fotoateliér. Moja cesta viedla práve tu. Strávila som desaťročie vo fotoateliéri ako predavačka, fotografka a nakoniec vedúca fotoateliéru. Komerčná fotografia začala byť pre mňa stereotypná a preto som zvolila inú cestu a zamestnala som sa v maloobchode. V dnešnej dobe pracujem ako manažér obchodnej prevádzky a hektické pracovné nasadenie kompenzujem svojou fotografickou tvorbou. Neexistuje obdobie môjho života, ktoré by nebolo späté s fotografiou.</p>



<p>Fotografia dnes pre mňa znamená relax, pokoj, nadšenie… emócie.</p>

<p>Fotografia patrí ku mne od detstva. Vďačím za to otcovi, ktorý viedol moje prvé fotografické kroky. Spolu sme v našej domácej fotokomore vyvolávali moje prvé pokusy o obrázky. Zo zatajeným dychom som čakala na &#8222;čosi&#8220;, čo sa pomaly objavovalo vo vývojke a s nadšením valčekovala moje aj otcove výtvory v leštičke. Detstvo sa skončilo, prišla &hellip;<br /><a href="https://fotoklub.sk/?page_id=96" class="more-link pen_button pen_element_default pen_icon_arrow_double">Čítať ďalej <span class="screen-reader-text">Zuzana Weissová</span></a></p>

<!-- This site is optimized with the Yoast SEO plugin v27.4 - https://yoast.com/product/yoast-seo-wordpress/ -->
<title>Zuzana Weissová - Fotoklub RK 1924</title>
<meta name="robots" content="index, follow, max-snippet:-1, max-image-preview:large, max-video-preview:-1" />
<link rel="canonical" href="https://fotoklub.sk/?page_id=96" />
<meta property="og:locale" content="sk_SK" />
<meta property="og:type" content="article" />
<meta property="og:title" content="Zuzana Weissová - Fotoklub RK 1924" />
<meta property="og:description" content="Fotografia patrí ku mne od detstva. Vďačím za to otcovi, ktorý viedol moje prvé fotografické kroky. Spolu sme v našej domácej fotokomore vyvolávali moje prvé pokusy o obrázky. Zo zatajeným dychom som čakala na &#8222;čosi&#8220;, čo sa pomaly objavovalo vo vývojke a s nadšením valčekovala moje aj otcove výtvory v leštičke. Detstvo sa skončilo, prišla &hellip;Čítať ďalej Zuzana Weissová" />
<meta property="og:url" content="https://fotoklub.sk/?page_id=96" />
<meta property="og:site_name" content="Fotoklub RK 1924" />
<meta property="article:modified_time" content="2021-12-06T16:46:52+00:00" />
<meta property="og:image" content="https://fotoklub.sk/wp-content/uploads/2021/12/Weissova.jpg" />
	<meta property="og:image:width" content="500" />
	<meta property="og:image:height" content="648" />
	<meta property="og:image:type" content="image/jpeg" />
<meta name="twitter:card" content="summary_large_image" />
<meta name="twitter:label1" content="Predpokladaný čas čítania" />
	<meta name="twitter:data1" content="1 minúta" />
<script type="application/ld+json" class="yoast-schema-graph">{"@context":"https:\/\/schema.org","@graph":[{"@type":"WebPage","@id":"https:\/\/fotoklub.sk\/?page_id=96","url":"https:\/\/fotoklub.sk\/?page_id=96","name":"Zuzana Weissová - Fotoklub RK 1924","isPartOf":{"@id":"https:\/\/fotoklub.sk\/#website"},"primaryImageOfPage":{"@id":"https:\/\/fotoklub.sk\/?page_id=96#primaryimage"},"image":{"@id":"https:\/\/fotoklub.sk\/?page_id=96#primaryimage"},"thumbnailUrl":"https:\/\/fotoklub.sk\/wp-content\/uploads\/2021\/12\/Weissova.jpg","datePublished":"2021-12-06T16:46:51+00:00","dateModified":"2021-12-06T16:46:52+00:00","breadcrumb":{"@id":"https:\/\/fotoklub.sk\/?page_id=96#breadcrumb"},"inLanguage":"sk-SK","potentialAction":[{"@type":"ReadAction","target":["https:\/\/fotoklub.sk\/?page_id=96"]}]},{"@type":"ImageObject","inLanguage":"sk-SK","@id":"https:\/\/fotoklub.sk\/?page_id=96#primaryimage","url":"https:\/\/fotoklub.sk\/wp-content\/uploads\/2021\/12\/Weissova.jpg","contentUrl":"https:\/\/fotoklub.sk\/wp-content\/uploads\/2021\/12\/Weissova.jpg","width":500,"height":648},{"@type":"BreadcrumbList","@id":"https:\/\/fotoklub.sk\/?page_id=96#breadcrumb","itemListElement":[{"@type":"ListItem","position":1,"name":"Domov","item":"https:\/\/fotoklub.sk\/"},{"@type":"ListItem","position":2,"name":"Zuzana Weissová"}]},{"@type":"WebSite","@id":"https:\/\/fotoklub.sk\/#website","url":"https:\/\/fotoklub.sk\/","name":"Fotoklub RK 1924","description":"1924 – 2024 | 100 rokov nepretržitej existencie Fotoklubu","publisher":{"@id":"https:\/\/fotoklub.sk\/#organization"},"alternateName":"Fotoklub Ružomberok","potentialAction":[{"@type":"SearchAction","target":{"@type":"EntryPoint","urlTemplate":"https:\/\/fotoklub.sk\/?s={search_term_string}"},"query-input":{"@type":"PropertyValueSpecification","valueRequired":true,"valueName":"search_term_string"}}],"inLanguage":"sk-SK"},{"@type":"Organization","@id":"https:\/\/fotoklub.sk\/#organization","name":"Fotoklub Ružomberok","alternateName":"Ružomberský fotoklub","url":"https:\/\/fotoklub.sk\/","logo":{"@type":"ImageObject","inLanguage":"sk-SK","@id":"https:\/\/fotoklub.sk\/#\/schema\/logo\/image\/","url":"https:\/\/fotoklub.sk\/wp-content\/uploads\/2025\/02\/Logo_new.png","contentUrl":"https:\/\/fotoklub.sk\/wp-content\/uploads\/2025\/02\/Logo_new.png","width":100,"height":98,"caption":"Fotoklub Ružomberok"},"image":{"@id":"https:\/\/fotoklub.sk\/#\/schema\/logo\/image\/"}}]}</script>
<!-- / Yoast SEO plugin. -->

Zuzana Weissová - Fotoklub RK 1924

Fotografia patrí ku mne od detstva. Vďačím za to otcovi, ktorý viedol moje prvé fotografické kroky. Spolu sme v našej domácej fotokomore vyvolávali moje prvé pokusy o obrázky. Zo zatajeným dychom som čakala na &#8222;čosi&#8220;, čo sa pomaly objavovalo vo vývojke a s nadšením valčekovala moje aj otcove výtvory v leštičke. Detstvo sa skončilo, prišla &hellip;Čítať ďalej Zuzana Weissová

1 minúta

1924 – 2024 | 100 rokov nepretržitej existencie Fotoklubu

Fotoklub Ružomberok

Ružomberský fotoklub
