{"id":90,"date":"2021-12-06T17:44:29","date_gmt":"2021-12-06T16:44:29","guid":{"rendered":"https:\/\/fotoklub.sk\/?page_id=90"},"modified":"2021-12-06T17:44:30","modified_gmt":"2021-12-06T16:44:30","slug":"matej-ulicny","status":"publish","type":"page","link":"https:\/\/fotoklub.sk\/?page_id=90","title":{"rendered":"Matej Uli\u010dn\u00fd"},"content":{"rendered":"\n<p>Narodil som sa 28. 3. 1980, fotografujem od roku 1998.<\/p>\n\n\n\n<p>\u010clenstvo: Fotoklub pri Liptovskom m\u00fazeu v Ru\u017eomberku, Zv\u00e4z slovensk\u00fdch fotografov.<\/p>\n\n\n\n<p>B\u00fdvam so sn\u00fabenicou v rodinnom dome v Likavke. \u0160tudoval som na Strednej priemyselnej \u0161kole stavebnej, ale v tre\u0165om ro\u010dn\u00edku som ako spolujazdec pre\u017eil \u0165a\u017ek\u00fa autonehodu ktor\u00e1 z\u00e1sadne zmenila m\u00f4j \u017eivot. Oporou mi boli a aj st\u00e1le s\u00fa moji priatelia a rodina.<\/p>\n\n\n\n<p>Od roku 2001 som za\u010dal hra\u0165 stoln\u00fd tenis, v s\u00fa\u010dasnosti hr\u00e1m v lige za \u0160K STVTJ Ru\u017eomberok.<\/p>\n\n\n\n<p>K fotografovaniu ma nik konkr\u00e9tny neviedol, ale ke\u010f som dostal svoj prv\u00fd fotoapar\u00e1t Canon AF1, ma fotografovanie ve\u013emi zaujalo. Nesk\u00f4r som si k\u00fapil Canon EOS-300 a zrkadlovku Pentax Z-1.<\/p>\n\n\n\n<p>Preto\u017ee ma oslovili mo\u017enosti digit\u00e1lnej fotografie, zaobstaral som si Canon G1, nesk\u00f4r Nikon D-70. V s\u00fa\u010dasnosti ma zauj\u00edma fotografia krajiny, makro a portr\u00e9t.<\/p>\n","protected":false},"excerpt":{"rendered":"<p>Narodil som sa 28. 3. 1980, fotografujem od roku 1998. \u010clenstvo: Fotoklub pri Liptovskom m\u00fazeu v Ru\u017eomberku, Zv\u00e4z slovensk\u00fdch fotografov. B\u00fdvam so sn\u00fabenicou v rodinnom dome v Likavke. \u0160tudoval som na Strednej priemyselnej \u0161kole stavebnej, ale v tre\u0165om ro\u010dn\u00edku som ako spolujazdec pre\u017eil \u0165a\u017ek\u00fa autonehodu ktor\u00e1 z\u00e1sadne zmenila m\u00f4j \u017eivot. Oporou mi boli a aj &hellip;<br \/><a href=\"https:\/\/fotoklub.sk\/?page_id=90\" class=\"more-link pen_button pen_element_default pen_icon_arrow_double\">\u010c\u00edta\u0165 \u010falej <span class=\"screen-reader-text\">Matej Uli\u010dn\u00fd<\/span><\/a><\/p>\n","protected":false},"author":1,"featured_media":91,"parent":0,"menu_order":0,"comment_status":"closed","ping_status":"closed","template":"","meta":{"footnotes":""},"class_list":["post-90","page","type-page","status-publish","has-post-thumbnail","hentry"],"yoast_head":"<!-- This site is optimized with the Yoast SEO plugin v27.4 - https:\/\/yoast.com\/product\/yoast-seo-wordpress\/ -->\n<title>Matej Uli\u010dn\u00fd - Fotoklub RK 1924<\/title>\n<meta name=\"robots\" content=\"index, follow, max-snippet:-1, max-image-preview:large, max-video-preview:-1\" \/>\n<link rel=\"canonical\" href=\"https:\/\/fotoklub.sk\/?page_id=90\" \/>\n<meta property=\"og:locale\" content=\"sk_SK\" \/>\n<meta property=\"og:type\" content=\"article\" \/>\n<meta property=\"og:title\" content=\"Matej Uli\u010dn\u00fd - Fotoklub RK 1924\" \/>\n<meta property=\"og:description\" content=\"Narodil som sa 28. 3. 1980, fotografujem od roku 1998. \u010clenstvo: Fotoklub pri Liptovskom m\u00fazeu v Ru\u017eomberku, Zv\u00e4z slovensk\u00fdch fotografov. B\u00fdvam so sn\u00fabenicou v rodinnom dome v Likavke. \u0160tudoval som na Strednej priemyselnej \u0161kole stavebnej, ale v tre\u0165om ro\u010dn\u00edku som ako spolujazdec pre\u017eil \u0165a\u017ek\u00fa autonehodu ktor\u00e1 z\u00e1sadne zmenila m\u00f4j \u017eivot. Oporou mi boli a aj &hellip;\u010c\u00edta\u0165 \u010falej Matej Uli\u010dn\u00fd\" \/>\n<meta property=\"og:url\" content=\"https:\/\/fotoklub.sk\/?page_id=90\" \/>\n<meta property=\"og:site_name\" content=\"Fotoklub RK 1924\" \/>\n<meta property=\"article:modified_time\" content=\"2021-12-06T16:44:30+00:00\" \/>\n<meta property=\"og:image\" content=\"https:\/\/fotoklub.sk\/wp-content\/uploads\/2021\/12\/ulicny.jpg\" \/>\n\t<meta property=\"og:image:width\" content=\"152\" \/>\n\t<meta property=\"og:image:height\" content=\"202\" \/>\n\t<meta property=\"og:image:type\" content=\"image\/jpeg\" \/>\n<meta name=\"twitter:card\" content=\"summary_large_image\" \/>\n<meta name=\"twitter:label1\" content=\"Predpokladan\u00fd \u010das \u010d\u00edtania\" \/>\n\t<meta name=\"twitter:data1\" content=\"1 min\u00fata\" \/>\n<script type=\"application\/ld+json\" class=\"yoast-schema-graph\">{\"@context\":\"https:\\\/\\\/schema.org\",\"@graph\":[{\"@type\":\"WebPage\",\"@id\":\"https:\\\/\\\/fotoklub.sk\\\/?page_id=90\",\"url\":\"https:\\\/\\\/fotoklub.sk\\\/?page_id=90\",\"name\":\"Matej Uli\u010dn\u00fd - Fotoklub RK 1924\",\"isPartOf\":{\"@id\":\"https:\\\/\\\/fotoklub.sk\\\/#website\"},\"primaryImageOfPage\":{\"@id\":\"https:\\\/\\\/fotoklub.sk\\\/?page_id=90#primaryimage\"},\"image\":{\"@id\":\"https:\\\/\\\/fotoklub.sk\\\/?page_id=90#primaryimage\"},\"thumbnailUrl\":\"https:\\\/\\\/fotoklub.sk\\\/wp-content\\\/uploads\\\/2021\\\/12\\\/ulicny.jpg\",\"datePublished\":\"2021-12-06T16:44:29+00:00\",\"dateModified\":\"2021-12-06T16:44:30+00:00\",\"breadcrumb\":{\"@id\":\"https:\\\/\\\/fotoklub.sk\\\/?page_id=90#breadcrumb\"},\"inLanguage\":\"sk-SK\",\"potentialAction\":[{\"@type\":\"ReadAction\",\"target\":[\"https:\\\/\\\/fotoklub.sk\\\/?page_id=90\"]}]},{\"@type\":\"ImageObject\",\"inLanguage\":\"sk-SK\",\"@id\":\"https:\\\/\\\/fotoklub.sk\\\/?page_id=90#primaryimage\",\"url\":\"https:\\\/\\\/fotoklub.sk\\\/wp-content\\\/uploads\\\/2021\\\/12\\\/ulicny.jpg\",\"contentUrl\":\"https:\\\/\\\/fotoklub.sk\\\/wp-content\\\/uploads\\\/2021\\\/12\\\/ulicny.jpg\",\"width\":152,\"height\":202},{\"@type\":\"BreadcrumbList\",\"@id\":\"https:\\\/\\\/fotoklub.sk\\\/?page_id=90#breadcrumb\",\"itemListElement\":[{\"@type\":\"ListItem\",\"position\":1,\"name\":\"Domov\",\"item\":\"https:\\\/\\\/fotoklub.sk\\\/\"},{\"@type\":\"ListItem\",\"position\":2,\"name\":\"Matej Uli\u010dn\u00fd\"}]},{\"@type\":\"WebSite\",\"@id\":\"https:\\\/\\\/fotoklub.sk\\\/#website\",\"url\":\"https:\\\/\\\/fotoklub.sk\\\/\",\"name\":\"Fotoklub RK 1924\",\"description\":\"1924 \u2013 2024 | 100 rokov nepretr\u017eitej existencie Fotoklubu\",\"publisher\":{\"@id\":\"https:\\\/\\\/fotoklub.sk\\\/#organization\"},\"alternateName\":\"Fotoklub Ru\u017eomberok\",\"potentialAction\":[{\"@type\":\"SearchAction\",\"target\":{\"@type\":\"EntryPoint\",\"urlTemplate\":\"https:\\\/\\\/fotoklub.sk\\\/?s={search_term_string}\"},\"query-input\":{\"@type\":\"PropertyValueSpecification\",\"valueRequired\":true,\"valueName\":\"search_term_string\"}}],\"inLanguage\":\"sk-SK\"},{\"@type\":\"Organization\",\"@id\":\"https:\\\/\\\/fotoklub.sk\\\/#organization\",\"name\":\"Fotoklub Ru\u017eomberok\",\"alternateName\":\"Ru\u017eombersk\u00fd fotoklub\",\"url\":\"https:\\\/\\\/fotoklub.sk\\\/\",\"logo\":{\"@type\":\"ImageObject\",\"inLanguage\":\"sk-SK\",\"@id\":\"https:\\\/\\\/fotoklub.sk\\\/#\\\/schema\\\/logo\\\/image\\\/\",\"url\":\"https:\\\/\\\/fotoklub.sk\\\/wp-content\\\/uploads\\\/2025\\\/02\\\/Logo_new.png\",\"contentUrl\":\"https:\\\/\\\/fotoklub.sk\\\/wp-content\\\/uploads\\\/2025\\\/02\\\/Logo_new.png\",\"width\":100,\"height\":98,\"caption\":\"Fotoklub Ru\u017eomberok\"},\"image\":{\"@id\":\"https:\\\/\\\/fotoklub.sk\\\/#\\\/schema\\\/logo\\\/image\\\/\"}}]}<\/script>\n<!-- \/ Yoast SEO plugin. -->","yoast_head_json":{"title":"Matej Uli\u010dn\u00fd - Fotoklub RK 1924","robots":{"index":"index","follow":"follow","max-snippet":"max-snippet:-1","max-image-preview":"max-image-preview:large","max-video-preview":"max-video-preview:-1"},"canonical":"https:\/\/fotoklub.sk\/?page_id=90","og_locale":"sk_SK","og_type":"article","og_title":"Matej Uli\u010dn\u00fd - Fotoklub RK 1924","og_description":"Narodil som sa 28. 3. 1980, fotografujem od roku 1998. \u010clenstvo: Fotoklub pri Liptovskom m\u00fazeu v Ru\u017eomberku, Zv\u00e4z slovensk\u00fdch fotografov. B\u00fdvam so sn\u00fabenicou v rodinnom dome v Likavke. \u0160tudoval som na Strednej priemyselnej \u0161kole stavebnej, ale v tre\u0165om ro\u010dn\u00edku som ako spolujazdec pre\u017eil \u0165a\u017ek\u00fa autonehodu ktor\u00e1 z\u00e1sadne zmenila m\u00f4j \u017eivot. Oporou mi boli a aj &hellip;\u010c\u00edta\u0165 \u010falej Matej Uli\u010dn\u00fd","og_url":"https:\/\/fotoklub.sk\/?page_id=90","og_site_name":"Fotoklub RK 1924","article_modified_time":"2021-12-06T16:44:30+00:00","og_image":[{"width":152,"height":202,"url":"https:\/\/fotoklub.sk\/wp-content\/uploads\/2021\/12\/ulicny.jpg","type":"image\/jpeg"}],"twitter_card":"summary_large_image","twitter_misc":{"Predpokladan\u00fd \u010das \u010d\u00edtania":"1 min\u00fata"},"schema":{"@context":"https:\/\/schema.org","@graph":[{"@type":"WebPage","@id":"https:\/\/fotoklub.sk\/?page_id=90","url":"https:\/\/fotoklub.sk\/?page_id=90","name":"Matej Uli\u010dn\u00fd - Fotoklub RK 1924","isPartOf":{"@id":"https:\/\/fotoklub.sk\/#website"},"primaryImageOfPage":{"@id":"https:\/\/fotoklub.sk\/?page_id=90#primaryimage"},"image":{"@id":"https:\/\/fotoklub.sk\/?page_id=90#primaryimage"},"thumbnailUrl":"https:\/\/fotoklub.sk\/wp-content\/uploads\/2021\/12\/ulicny.jpg","datePublished":"2021-12-06T16:44:29+00:00","dateModified":"2021-12-06T16:44:30+00:00","breadcrumb":{"@id":"https:\/\/fotoklub.sk\/?page_id=90#breadcrumb"},"inLanguage":"sk-SK","potentialAction":[{"@type":"ReadAction","target":["https:\/\/fotoklub.sk\/?page_id=90"]}]},{"@type":"ImageObject","inLanguage":"sk-SK","@id":"https:\/\/fotoklub.sk\/?page_id=90#primaryimage","url":"https:\/\/fotoklub.sk\/wp-content\/uploads\/2021\/12\/ulicny.jpg","contentUrl":"https:\/\/fotoklub.sk\/wp-content\/uploads\/2021\/12\/ulicny.jpg","width":152,"height":202},{"@type":"BreadcrumbList","@id":"https:\/\/fotoklub.sk\/?page_id=90#breadcrumb","itemListElement":[{"@type":"ListItem","position":1,"name":"Domov","item":"https:\/\/fotoklub.sk\/"},{"@type":"ListItem","position":2,"name":"Matej Uli\u010dn\u00fd"}]},{"@type":"WebSite","@id":"https:\/\/fotoklub.sk\/#website","url":"https:\/\/fotoklub.sk\/","name":"Fotoklub RK 1924","description":"1924 \u2013 2024 | 100 rokov nepretr\u017eitej existencie Fotoklubu","publisher":{"@id":"https:\/\/fotoklub.sk\/#organization"},"alternateName":"Fotoklub Ru\u017eomberok","potentialAction":[{"@type":"SearchAction","target":{"@type":"EntryPoint","urlTemplate":"https:\/\/fotoklub.sk\/?s={search_term_string}"},"query-input":{"@type":"PropertyValueSpecification","valueRequired":true,"valueName":"search_term_string"}}],"inLanguage":"sk-SK"},{"@type":"Organization","@id":"https:\/\/fotoklub.sk\/#organization","name":"Fotoklub Ru\u017eomberok","alternateName":"Ru\u017eombersk\u00fd fotoklub","url":"https:\/\/fotoklub.sk\/","logo":{"@type":"ImageObject","inLanguage":"sk-SK","@id":"https:\/\/fotoklub.sk\/#\/schema\/logo\/image\/","url":"https:\/\/fotoklub.sk\/wp-content\/uploads\/2025\/02\/Logo_new.png","contentUrl":"https:\/\/fotoklub.sk\/wp-content\/uploads\/2025\/02\/Logo_new.png","width":100,"height":98,"caption":"Fotoklub Ru\u017eomberok"},"image":{"@id":"https:\/\/fotoklub.sk\/#\/schema\/logo\/image\/"}}]}},"jetpack_sharing_enabled":true,"_links":{"self":[{"href":"https:\/\/fotoklub.sk\/index.php?rest_route=\/wp\/v2\/pages\/90","targetHints":{"allow":["GET"]}}],"collection":[{"href":"https:\/\/fotoklub.sk\/index.php?rest_route=\/wp\/v2\/pages"}],"about":[{"href":"https:\/\/fotoklub.sk\/index.php?rest_route=\/wp\/v2\/types\/page"}],"author":[{"embeddable":true,"href":"https:\/\/fotoklub.sk\/index.php?rest_route=\/wp\/v2\/users\/1"}],"replies":[{"embeddable":true,"href":"https:\/\/fotoklub.sk\/index.php?rest_route=%2Fwp%2Fv2%2Fcomments&post=90"}],"version-history":[{"count":1,"href":"https:\/\/fotoklub.sk\/index.php?rest_route=\/wp\/v2\/pages\/90\/revisions"}],"predecessor-version":[{"id":92,"href":"https:\/\/fotoklub.sk\/index.php?rest_route=\/wp\/v2\/pages\/90\/revisions\/92"}],"wp:featuredmedia":[{"embeddable":true,"href":"https:\/\/fotoklub.sk\/index.php?rest_route=\/wp\/v2\/media\/91"}],"wp:attachment":[{"href":"https:\/\/fotoklub.sk\/index.php?rest_route=%2Fwp%2Fv2%2Fmedia&parent=90"}],"curies":[{"name":"wp","href":"https:\/\/api.w.org\/{rel}","templated":true}]}}

Matej Uličný

<p>Narodil som sa 28. 3. 1980, fotografujem od roku 1998.</p>



<p>Členstvo: Fotoklub pri Liptovskom múzeu v Ružomberku, Zväz slovenských fotografov.</p>



<p>Bývam so snúbenicou v rodinnom dome v Likavke. Študoval som na Strednej priemyselnej škole stavebnej, ale v treťom ročníku som ako spolujazdec prežil ťažkú autonehodu ktorá zásadne zmenila môj život. Oporou mi boli a aj stále sú moji priatelia a rodina.</p>



<p>Od roku 2001 som začal hrať stolný tenis, v súčasnosti hrám v lige za ŠK STVTJ Ružomberok.</p>



<p>K fotografovaniu ma nik konkrétny neviedol, ale keď som dostal svoj prvý fotoaparát Canon AF1, ma fotografovanie veľmi zaujalo. Neskôr som si kúpil Canon EOS-300 a zrkadlovku Pentax Z-1.</p>



<p>Pretože ma oslovili možnosti digitálnej fotografie, zaobstaral som si Canon G1, neskôr Nikon D-70. V súčasnosti ma zaujíma fotografia krajiny, makro a portrét.</p>

<p>Narodil som sa 28. 3. 1980, fotografujem od roku 1998. Členstvo: Fotoklub pri Liptovskom múzeu v Ružomberku, Zväz slovenských fotografov. Bývam so snúbenicou v rodinnom dome v Likavke. Študoval som na Strednej priemyselnej škole stavebnej, ale v treťom ročníku som ako spolujazdec prežil ťažkú autonehodu ktorá zásadne zmenila môj život. Oporou mi boli a aj &hellip;<br /><a href="https://fotoklub.sk/?page_id=90" class="more-link pen_button pen_element_default pen_icon_arrow_double">Čítať ďalej <span class="screen-reader-text">Matej Uličný</span></a></p>

<!-- This site is optimized with the Yoast SEO plugin v27.4 - https://yoast.com/product/yoast-seo-wordpress/ -->
<title>Matej Uličný - Fotoklub RK 1924</title>
<meta name="robots" content="index, follow, max-snippet:-1, max-image-preview:large, max-video-preview:-1" />
<link rel="canonical" href="https://fotoklub.sk/?page_id=90" />
<meta property="og:locale" content="sk_SK" />
<meta property="og:type" content="article" />
<meta property="og:title" content="Matej Uličný - Fotoklub RK 1924" />
<meta property="og:description" content="Narodil som sa 28. 3. 1980, fotografujem od roku 1998. Členstvo: Fotoklub pri Liptovskom múzeu v Ružomberku, Zväz slovenských fotografov. Bývam so snúbenicou v rodinnom dome v Likavke. Študoval som na Strednej priemyselnej škole stavebnej, ale v treťom ročníku som ako spolujazdec prežil ťažkú autonehodu ktorá zásadne zmenila môj život. Oporou mi boli a aj &hellip;Čítať ďalej Matej Uličný" />
<meta property="og:url" content="https://fotoklub.sk/?page_id=90" />
<meta property="og:site_name" content="Fotoklub RK 1924" />
<meta property="article:modified_time" content="2021-12-06T16:44:30+00:00" />
<meta property="og:image" content="https://fotoklub.sk/wp-content/uploads/2021/12/ulicny.jpg" />
	<meta property="og:image:width" content="152" />
	<meta property="og:image:height" content="202" />
	<meta property="og:image:type" content="image/jpeg" />
<meta name="twitter:card" content="summary_large_image" />
<meta name="twitter:label1" content="Predpokladaný čas čítania" />
	<meta name="twitter:data1" content="1 minúta" />
<script type="application/ld+json" class="yoast-schema-graph">{"@context":"https:\/\/schema.org","@graph":[{"@type":"WebPage","@id":"https:\/\/fotoklub.sk\/?page_id=90","url":"https:\/\/fotoklub.sk\/?page_id=90","name":"Matej Uličný - Fotoklub RK 1924","isPartOf":{"@id":"https:\/\/fotoklub.sk\/#website"},"primaryImageOfPage":{"@id":"https:\/\/fotoklub.sk\/?page_id=90#primaryimage"},"image":{"@id":"https:\/\/fotoklub.sk\/?page_id=90#primaryimage"},"thumbnailUrl":"https:\/\/fotoklub.sk\/wp-content\/uploads\/2021\/12\/ulicny.jpg","datePublished":"2021-12-06T16:44:29+00:00","dateModified":"2021-12-06T16:44:30+00:00","breadcrumb":{"@id":"https:\/\/fotoklub.sk\/?page_id=90#breadcrumb"},"inLanguage":"sk-SK","potentialAction":[{"@type":"ReadAction","target":["https:\/\/fotoklub.sk\/?page_id=90"]}]},{"@type":"ImageObject","inLanguage":"sk-SK","@id":"https:\/\/fotoklub.sk\/?page_id=90#primaryimage","url":"https:\/\/fotoklub.sk\/wp-content\/uploads\/2021\/12\/ulicny.jpg","contentUrl":"https:\/\/fotoklub.sk\/wp-content\/uploads\/2021\/12\/ulicny.jpg","width":152,"height":202},{"@type":"BreadcrumbList","@id":"https:\/\/fotoklub.sk\/?page_id=90#breadcrumb","itemListElement":[{"@type":"ListItem","position":1,"name":"Domov","item":"https:\/\/fotoklub.sk\/"},{"@type":"ListItem","position":2,"name":"Matej Uličný"}]},{"@type":"WebSite","@id":"https:\/\/fotoklub.sk\/#website","url":"https:\/\/fotoklub.sk\/","name":"Fotoklub RK 1924","description":"1924 – 2024 | 100 rokov nepretržitej existencie Fotoklubu","publisher":{"@id":"https:\/\/fotoklub.sk\/#organization"},"alternateName":"Fotoklub Ružomberok","potentialAction":[{"@type":"SearchAction","target":{"@type":"EntryPoint","urlTemplate":"https:\/\/fotoklub.sk\/?s={search_term_string}"},"query-input":{"@type":"PropertyValueSpecification","valueRequired":true,"valueName":"search_term_string"}}],"inLanguage":"sk-SK"},{"@type":"Organization","@id":"https:\/\/fotoklub.sk\/#organization","name":"Fotoklub Ružomberok","alternateName":"Ružomberský fotoklub","url":"https:\/\/fotoklub.sk\/","logo":{"@type":"ImageObject","inLanguage":"sk-SK","@id":"https:\/\/fotoklub.sk\/#\/schema\/logo\/image\/","url":"https:\/\/fotoklub.sk\/wp-content\/uploads\/2025\/02\/Logo_new.png","contentUrl":"https:\/\/fotoklub.sk\/wp-content\/uploads\/2025\/02\/Logo_new.png","width":100,"height":98,"caption":"Fotoklub Ružomberok"},"image":{"@id":"https:\/\/fotoklub.sk\/#\/schema\/logo\/image\/"}}]}</script>
<!-- / Yoast SEO plugin. -->

Matej Uličný - Fotoklub RK 1924

Narodil som sa 28. 3. 1980, fotografujem od roku 1998. Členstvo: Fotoklub pri Liptovskom múzeu v Ružomberku, Zväz slovenských fotografov. Bývam so snúbenicou v rodinnom dome v Likavke. Študoval som na Strednej priemyselnej škole stavebnej, ale v treťom ročníku som ako spolujazdec prežil ťažkú autonehodu ktorá zásadne zmenila môj život. Oporou mi boli a aj &hellip;Čítať ďalej Matej Uličný

1 minúta

1924 – 2024 | 100 rokov nepretržitej existencie Fotoklubu

Fotoklub Ružomberok

Ružomberský fotoklub
