{"id":69,"date":"2021-12-06T17:33:00","date_gmt":"2021-12-06T16:33:00","guid":{"rendered":"https:\/\/fotoklub.sk\/?page_id=69"},"modified":"2023-10-29T16:14:33","modified_gmt":"2023-10-29T15:14:33","slug":"fedor-poloni","status":"publish","type":"page","link":"https:\/\/fotoklub.sk\/?page_id=69","title":{"rendered":"Fedor Pol\u00f3ni"},"content":{"rendered":"\n<p>Fotografuje od roku 1950<\/p>\n\n\n\n<p>\u010clenstvo: Fotoklub RK 1924 v Ru\u017eomberku, Slovensk\u00e1 feder\u00e1cia fotografov<\/p>\n\n\n\n<p>Narodil sa v roku 1939. Fotografova\u0165 za\u010dal v roku 1950 vo fotokr\u00fa\u017eku na Me\u0161tianskej \u0161kole. V roku 1953 vst\u00fapil do mestsk\u00e9ho fotokr\u00fa\u017eku a s jeho \u010dlenmi prv\u00fd raz vystavoval v roku 1954.<\/p>\n\n\n\n<p>Z\u00fa\u010dastnil sa na mnoh\u00fdch okresn\u00fdch, krajsk\u00fdch i celo\u0161t\u00e1tnych v\u00fdstav\u00e1ch a bol \u010dlenom viacer\u00fdch por\u00f4t.<\/p>\n\n\n\n<p>Bol tie\u017e predsedom Amfoklubu a podpredsedom ZSF. M\u00e1 tituly AFIAP a AZSF. Bol organiz\u00e1torom a zakladate\u013eom FOTOFORA (spolu s Dr. Hu\u0161t\u00e1kom) a organiz\u00e1torom STROMU.<\/p>\n\n\n\n<div class=\"wp-block-buttons is-layout-flex wp-block-buttons-is-layout-flex\">\n<div class=\"wp-block-button\"><a class=\"wp-block-button__link\" href=\"https:\/\/fotoklub.sk\/?page_id=1242\" target=\"_blank\" rel=\"noreferrer noopener\">Gal\u00e9ria<\/a><\/div>\n<\/div>\n","protected":false},"excerpt":{"rendered":"<p>Fotografuje od roku 1950 \u010clenstvo: Fotoklub RK 1924 v Ru\u017eomberku, Slovensk\u00e1 feder\u00e1cia fotografov Narodil sa v roku 1939. Fotografova\u0165 za\u010dal v roku 1950 vo fotokr\u00fa\u017eku na Me\u0161tianskej \u0161kole. V roku 1953 vst\u00fapil do mestsk\u00e9ho fotokr\u00fa\u017eku a s jeho \u010dlenmi prv\u00fd raz vystavoval v roku 1954. Z\u00fa\u010dastnil sa na mnoh\u00fdch okresn\u00fdch, krajsk\u00fdch i celo\u0161t\u00e1tnych v\u00fdstav\u00e1ch a &hellip;<br \/><a href=\"https:\/\/fotoklub.sk\/?page_id=69\" class=\"more-link pen_button pen_element_default pen_icon_arrow_double\">\u010c\u00edta\u0165 \u010falej <span class=\"screen-reader-text\">Fedor Pol\u00f3ni<\/span><\/a><\/p>\n","protected":false},"author":1,"featured_media":70,"parent":0,"menu_order":0,"comment_status":"closed","ping_status":"closed","template":"","meta":{"footnotes":""},"class_list":["post-69","page","type-page","status-publish","has-post-thumbnail","hentry"],"yoast_head":"<!-- This site is optimized with the Yoast SEO plugin v27.4 - https:\/\/yoast.com\/product\/yoast-seo-wordpress\/ -->\n<title>Fedor Pol\u00f3ni - Fotoklub RK 1924<\/title>\n<meta name=\"robots\" content=\"index, follow, max-snippet:-1, max-image-preview:large, max-video-preview:-1\" \/>\n<link rel=\"canonical\" href=\"https:\/\/fotoklub.sk\/?page_id=69\" \/>\n<meta property=\"og:locale\" content=\"sk_SK\" \/>\n<meta property=\"og:type\" content=\"article\" \/>\n<meta property=\"og:title\" content=\"Fedor Pol\u00f3ni - Fotoklub RK 1924\" \/>\n<meta property=\"og:description\" content=\"Fotografuje od roku 1950 \u010clenstvo: Fotoklub RK 1924 v Ru\u017eomberku, Slovensk\u00e1 feder\u00e1cia fotografov Narodil sa v roku 1939. Fotografova\u0165 za\u010dal v roku 1950 vo fotokr\u00fa\u017eku na Me\u0161tianskej \u0161kole. V roku 1953 vst\u00fapil do mestsk\u00e9ho fotokr\u00fa\u017eku a s jeho \u010dlenmi prv\u00fd raz vystavoval v roku 1954. Z\u00fa\u010dastnil sa na mnoh\u00fdch okresn\u00fdch, krajsk\u00fdch i celo\u0161t\u00e1tnych v\u00fdstav\u00e1ch a &hellip;\u010c\u00edta\u0165 \u010falej Fedor Pol\u00f3ni\" \/>\n<meta property=\"og:url\" content=\"https:\/\/fotoklub.sk\/?page_id=69\" \/>\n<meta property=\"og:site_name\" content=\"Fotoklub RK 1924\" \/>\n<meta property=\"article:modified_time\" content=\"2023-10-29T15:14:33+00:00\" \/>\n<meta property=\"og:image\" content=\"https:\/\/fotoklub.sk\/wp-content\/uploads\/2021\/12\/poloni.jpg\" \/>\n\t<meta property=\"og:image:width\" content=\"339\" \/>\n\t<meta property=\"og:image:height\" content=\"437\" \/>\n\t<meta property=\"og:image:type\" content=\"image\/jpeg\" \/>\n<meta name=\"twitter:card\" content=\"summary_large_image\" \/>\n<meta name=\"twitter:label1\" content=\"Predpokladan\u00fd \u010das \u010d\u00edtania\" \/>\n\t<meta name=\"twitter:data1\" content=\"1 min\u00fata\" \/>\n<script type=\"application\/ld+json\" class=\"yoast-schema-graph\">{\"@context\":\"https:\\\/\\\/schema.org\",\"@graph\":[{\"@type\":\"WebPage\",\"@id\":\"https:\\\/\\\/fotoklub.sk\\\/?page_id=69\",\"url\":\"https:\\\/\\\/fotoklub.sk\\\/?page_id=69\",\"name\":\"Fedor Pol\u00f3ni - Fotoklub RK 1924\",\"isPartOf\":{\"@id\":\"https:\\\/\\\/fotoklub.sk\\\/#website\"},\"primaryImageOfPage\":{\"@id\":\"https:\\\/\\\/fotoklub.sk\\\/?page_id=69#primaryimage\"},\"image\":{\"@id\":\"https:\\\/\\\/fotoklub.sk\\\/?page_id=69#primaryimage\"},\"thumbnailUrl\":\"https:\\\/\\\/fotoklub.sk\\\/wp-content\\\/uploads\\\/2021\\\/12\\\/poloni.jpg\",\"datePublished\":\"2021-12-06T16:33:00+00:00\",\"dateModified\":\"2023-10-29T15:14:33+00:00\",\"breadcrumb\":{\"@id\":\"https:\\\/\\\/fotoklub.sk\\\/?page_id=69#breadcrumb\"},\"inLanguage\":\"sk-SK\",\"potentialAction\":[{\"@type\":\"ReadAction\",\"target\":[\"https:\\\/\\\/fotoklub.sk\\\/?page_id=69\"]}]},{\"@type\":\"ImageObject\",\"inLanguage\":\"sk-SK\",\"@id\":\"https:\\\/\\\/fotoklub.sk\\\/?page_id=69#primaryimage\",\"url\":\"https:\\\/\\\/fotoklub.sk\\\/wp-content\\\/uploads\\\/2021\\\/12\\\/poloni.jpg\",\"contentUrl\":\"https:\\\/\\\/fotoklub.sk\\\/wp-content\\\/uploads\\\/2021\\\/12\\\/poloni.jpg\",\"width\":339,\"height\":437},{\"@type\":\"BreadcrumbList\",\"@id\":\"https:\\\/\\\/fotoklub.sk\\\/?page_id=69#breadcrumb\",\"itemListElement\":[{\"@type\":\"ListItem\",\"position\":1,\"name\":\"Domov\",\"item\":\"https:\\\/\\\/fotoklub.sk\\\/\"},{\"@type\":\"ListItem\",\"position\":2,\"name\":\"Fedor Pol\u00f3ni\"}]},{\"@type\":\"WebSite\",\"@id\":\"https:\\\/\\\/fotoklub.sk\\\/#website\",\"url\":\"https:\\\/\\\/fotoklub.sk\\\/\",\"name\":\"Fotoklub RK 1924\",\"description\":\"1924 \u2013 2024 | 100 rokov nepretr\u017eitej existencie Fotoklubu\",\"publisher\":{\"@id\":\"https:\\\/\\\/fotoklub.sk\\\/#organization\"},\"alternateName\":\"Fotoklub Ru\u017eomberok\",\"potentialAction\":[{\"@type\":\"SearchAction\",\"target\":{\"@type\":\"EntryPoint\",\"urlTemplate\":\"https:\\\/\\\/fotoklub.sk\\\/?s={search_term_string}\"},\"query-input\":{\"@type\":\"PropertyValueSpecification\",\"valueRequired\":true,\"valueName\":\"search_term_string\"}}],\"inLanguage\":\"sk-SK\"},{\"@type\":\"Organization\",\"@id\":\"https:\\\/\\\/fotoklub.sk\\\/#organization\",\"name\":\"Fotoklub Ru\u017eomberok\",\"alternateName\":\"Ru\u017eombersk\u00fd fotoklub\",\"url\":\"https:\\\/\\\/fotoklub.sk\\\/\",\"logo\":{\"@type\":\"ImageObject\",\"inLanguage\":\"sk-SK\",\"@id\":\"https:\\\/\\\/fotoklub.sk\\\/#\\\/schema\\\/logo\\\/image\\\/\",\"url\":\"https:\\\/\\\/fotoklub.sk\\\/wp-content\\\/uploads\\\/2025\\\/02\\\/Logo_new.png\",\"contentUrl\":\"https:\\\/\\\/fotoklub.sk\\\/wp-content\\\/uploads\\\/2025\\\/02\\\/Logo_new.png\",\"width\":100,\"height\":98,\"caption\":\"Fotoklub Ru\u017eomberok\"},\"image\":{\"@id\":\"https:\\\/\\\/fotoklub.sk\\\/#\\\/schema\\\/logo\\\/image\\\/\"}}]}<\/script>\n<!-- \/ Yoast SEO plugin. -->","yoast_head_json":{"title":"Fedor Pol\u00f3ni - Fotoklub RK 1924","robots":{"index":"index","follow":"follow","max-snippet":"max-snippet:-1","max-image-preview":"max-image-preview:large","max-video-preview":"max-video-preview:-1"},"canonical":"https:\/\/fotoklub.sk\/?page_id=69","og_locale":"sk_SK","og_type":"article","og_title":"Fedor Pol\u00f3ni - Fotoklub RK 1924","og_description":"Fotografuje od roku 1950 \u010clenstvo: Fotoklub RK 1924 v Ru\u017eomberku, Slovensk\u00e1 feder\u00e1cia fotografov Narodil sa v roku 1939. Fotografova\u0165 za\u010dal v roku 1950 vo fotokr\u00fa\u017eku na Me\u0161tianskej \u0161kole. V roku 1953 vst\u00fapil do mestsk\u00e9ho fotokr\u00fa\u017eku a s jeho \u010dlenmi prv\u00fd raz vystavoval v roku 1954. Z\u00fa\u010dastnil sa na mnoh\u00fdch okresn\u00fdch, krajsk\u00fdch i celo\u0161t\u00e1tnych v\u00fdstav\u00e1ch a &hellip;\u010c\u00edta\u0165 \u010falej Fedor Pol\u00f3ni","og_url":"https:\/\/fotoklub.sk\/?page_id=69","og_site_name":"Fotoklub RK 1924","article_modified_time":"2023-10-29T15:14:33+00:00","og_image":[{"width":339,"height":437,"url":"https:\/\/fotoklub.sk\/wp-content\/uploads\/2021\/12\/poloni.jpg","type":"image\/jpeg"}],"twitter_card":"summary_large_image","twitter_misc":{"Predpokladan\u00fd \u010das \u010d\u00edtania":"1 min\u00fata"},"schema":{"@context":"https:\/\/schema.org","@graph":[{"@type":"WebPage","@id":"https:\/\/fotoklub.sk\/?page_id=69","url":"https:\/\/fotoklub.sk\/?page_id=69","name":"Fedor Pol\u00f3ni - Fotoklub RK 1924","isPartOf":{"@id":"https:\/\/fotoklub.sk\/#website"},"primaryImageOfPage":{"@id":"https:\/\/fotoklub.sk\/?page_id=69#primaryimage"},"image":{"@id":"https:\/\/fotoklub.sk\/?page_id=69#primaryimage"},"thumbnailUrl":"https:\/\/fotoklub.sk\/wp-content\/uploads\/2021\/12\/poloni.jpg","datePublished":"2021-12-06T16:33:00+00:00","dateModified":"2023-10-29T15:14:33+00:00","breadcrumb":{"@id":"https:\/\/fotoklub.sk\/?page_id=69#breadcrumb"},"inLanguage":"sk-SK","potentialAction":[{"@type":"ReadAction","target":["https:\/\/fotoklub.sk\/?page_id=69"]}]},{"@type":"ImageObject","inLanguage":"sk-SK","@id":"https:\/\/fotoklub.sk\/?page_id=69#primaryimage","url":"https:\/\/fotoklub.sk\/wp-content\/uploads\/2021\/12\/poloni.jpg","contentUrl":"https:\/\/fotoklub.sk\/wp-content\/uploads\/2021\/12\/poloni.jpg","width":339,"height":437},{"@type":"BreadcrumbList","@id":"https:\/\/fotoklub.sk\/?page_id=69#breadcrumb","itemListElement":[{"@type":"ListItem","position":1,"name":"Domov","item":"https:\/\/fotoklub.sk\/"},{"@type":"ListItem","position":2,"name":"Fedor Pol\u00f3ni"}]},{"@type":"WebSite","@id":"https:\/\/fotoklub.sk\/#website","url":"https:\/\/fotoklub.sk\/","name":"Fotoklub RK 1924","description":"1924 \u2013 2024 | 100 rokov nepretr\u017eitej existencie Fotoklubu","publisher":{"@id":"https:\/\/fotoklub.sk\/#organization"},"alternateName":"Fotoklub Ru\u017eomberok","potentialAction":[{"@type":"SearchAction","target":{"@type":"EntryPoint","urlTemplate":"https:\/\/fotoklub.sk\/?s={search_term_string}"},"query-input":{"@type":"PropertyValueSpecification","valueRequired":true,"valueName":"search_term_string"}}],"inLanguage":"sk-SK"},{"@type":"Organization","@id":"https:\/\/fotoklub.sk\/#organization","name":"Fotoklub Ru\u017eomberok","alternateName":"Ru\u017eombersk\u00fd fotoklub","url":"https:\/\/fotoklub.sk\/","logo":{"@type":"ImageObject","inLanguage":"sk-SK","@id":"https:\/\/fotoklub.sk\/#\/schema\/logo\/image\/","url":"https:\/\/fotoklub.sk\/wp-content\/uploads\/2025\/02\/Logo_new.png","contentUrl":"https:\/\/fotoklub.sk\/wp-content\/uploads\/2025\/02\/Logo_new.png","width":100,"height":98,"caption":"Fotoklub Ru\u017eomberok"},"image":{"@id":"https:\/\/fotoklub.sk\/#\/schema\/logo\/image\/"}}]}},"jetpack_sharing_enabled":true,"_links":{"self":[{"href":"https:\/\/fotoklub.sk\/index.php?rest_route=\/wp\/v2\/pages\/69","targetHints":{"allow":["GET"]}}],"collection":[{"href":"https:\/\/fotoklub.sk\/index.php?rest_route=\/wp\/v2\/pages"}],"about":[{"href":"https:\/\/fotoklub.sk\/index.php?rest_route=\/wp\/v2\/types\/page"}],"author":[{"embeddable":true,"href":"https:\/\/fotoklub.sk\/index.php?rest_route=\/wp\/v2\/users\/1"}],"replies":[{"embeddable":true,"href":"https:\/\/fotoklub.sk\/index.php?rest_route=%2Fwp%2Fv2%2Fcomments&post=69"}],"version-history":[{"count":2,"href":"https:\/\/fotoklub.sk\/index.php?rest_route=\/wp\/v2\/pages\/69\/revisions"}],"predecessor-version":[{"id":1253,"href":"https:\/\/fotoklub.sk\/index.php?rest_route=\/wp\/v2\/pages\/69\/revisions\/1253"}],"wp:featuredmedia":[{"embeddable":true,"href":"https:\/\/fotoklub.sk\/index.php?rest_route=\/wp\/v2\/media\/70"}],"wp:attachment":[{"href":"https:\/\/fotoklub.sk\/index.php?rest_route=%2Fwp%2Fv2%2Fmedia&parent=69"}],"curies":[{"name":"wp","href":"https:\/\/api.w.org\/{rel}","templated":true}]}}

Fedor Polóni

<p>Fotografuje od roku 1950</p>



<p>Členstvo: Fotoklub RK 1924 v Ružomberku, Slovenská federácia fotografov</p>



<p>Narodil sa v roku 1939. Fotografovať začal v roku 1950 vo fotokrúžku na Meštianskej škole. V roku 1953 vstúpil do mestského fotokrúžku a s jeho členmi prvý raz vystavoval v roku 1954.</p>



<p>Zúčastnil sa na mnohých okresných, krajských i celoštátnych výstavách a bol členom viacerých porôt.</p>



<p>Bol tiež predsedom Amfoklubu a podpredsedom ZSF. Má tituly AFIAP a AZSF. Bol organizátorom a zakladateľom FOTOFORA (spolu s Dr. Huštákom) a organizátorom STROMU.</p>



<div class="wp-block-buttons is-layout-flex wp-block-buttons-is-layout-flex">
<div class="wp-block-button"><a class="wp-block-button__link" href="https://fotoklub.sk/?page_id=1242" target="_blank" rel="noreferrer noopener">Galéria</a></div>
</div>

<p>Fotografuje od roku 1950 Členstvo: Fotoklub RK 1924 v Ružomberku, Slovenská federácia fotografov Narodil sa v roku 1939. Fotografovať začal v roku 1950 vo fotokrúžku na Meštianskej škole. V roku 1953 vstúpil do mestského fotokrúžku a s jeho členmi prvý raz vystavoval v roku 1954. Zúčastnil sa na mnohých okresných, krajských i celoštátnych výstavách a &hellip;<br /><a href="https://fotoklub.sk/?page_id=69" class="more-link pen_button pen_element_default pen_icon_arrow_double">Čítať ďalej <span class="screen-reader-text">Fedor Polóni</span></a></p>

<!-- This site is optimized with the Yoast SEO plugin v27.4 - https://yoast.com/product/yoast-seo-wordpress/ -->
<title>Fedor Polóni - Fotoklub RK 1924</title>
<meta name="robots" content="index, follow, max-snippet:-1, max-image-preview:large, max-video-preview:-1" />
<link rel="canonical" href="https://fotoklub.sk/?page_id=69" />
<meta property="og:locale" content="sk_SK" />
<meta property="og:type" content="article" />
<meta property="og:title" content="Fedor Polóni - Fotoklub RK 1924" />
<meta property="og:description" content="Fotografuje od roku 1950 Členstvo: Fotoklub RK 1924 v Ružomberku, Slovenská federácia fotografov Narodil sa v roku 1939. Fotografovať začal v roku 1950 vo fotokrúžku na Meštianskej škole. V roku 1953 vstúpil do mestského fotokrúžku a s jeho členmi prvý raz vystavoval v roku 1954. Zúčastnil sa na mnohých okresných, krajských i celoštátnych výstavách a &hellip;Čítať ďalej Fedor Polóni" />
<meta property="og:url" content="https://fotoklub.sk/?page_id=69" />
<meta property="og:site_name" content="Fotoklub RK 1924" />
<meta property="article:modified_time" content="2023-10-29T15:14:33+00:00" />
<meta property="og:image" content="https://fotoklub.sk/wp-content/uploads/2021/12/poloni.jpg" />
	<meta property="og:image:width" content="339" />
	<meta property="og:image:height" content="437" />
	<meta property="og:image:type" content="image/jpeg" />
<meta name="twitter:card" content="summary_large_image" />
<meta name="twitter:label1" content="Predpokladaný čas čítania" />
	<meta name="twitter:data1" content="1 minúta" />
<script type="application/ld+json" class="yoast-schema-graph">{"@context":"https:\/\/schema.org","@graph":[{"@type":"WebPage","@id":"https:\/\/fotoklub.sk\/?page_id=69","url":"https:\/\/fotoklub.sk\/?page_id=69","name":"Fedor Polóni - Fotoklub RK 1924","isPartOf":{"@id":"https:\/\/fotoklub.sk\/#website"},"primaryImageOfPage":{"@id":"https:\/\/fotoklub.sk\/?page_id=69#primaryimage"},"image":{"@id":"https:\/\/fotoklub.sk\/?page_id=69#primaryimage"},"thumbnailUrl":"https:\/\/fotoklub.sk\/wp-content\/uploads\/2021\/12\/poloni.jpg","datePublished":"2021-12-06T16:33:00+00:00","dateModified":"2023-10-29T15:14:33+00:00","breadcrumb":{"@id":"https:\/\/fotoklub.sk\/?page_id=69#breadcrumb"},"inLanguage":"sk-SK","potentialAction":[{"@type":"ReadAction","target":["https:\/\/fotoklub.sk\/?page_id=69"]}]},{"@type":"ImageObject","inLanguage":"sk-SK","@id":"https:\/\/fotoklub.sk\/?page_id=69#primaryimage","url":"https:\/\/fotoklub.sk\/wp-content\/uploads\/2021\/12\/poloni.jpg","contentUrl":"https:\/\/fotoklub.sk\/wp-content\/uploads\/2021\/12\/poloni.jpg","width":339,"height":437},{"@type":"BreadcrumbList","@id":"https:\/\/fotoklub.sk\/?page_id=69#breadcrumb","itemListElement":[{"@type":"ListItem","position":1,"name":"Domov","item":"https:\/\/fotoklub.sk\/"},{"@type":"ListItem","position":2,"name":"Fedor Polóni"}]},{"@type":"WebSite","@id":"https:\/\/fotoklub.sk\/#website","url":"https:\/\/fotoklub.sk\/","name":"Fotoklub RK 1924","description":"1924 – 2024 | 100 rokov nepretržitej existencie Fotoklubu","publisher":{"@id":"https:\/\/fotoklub.sk\/#organization"},"alternateName":"Fotoklub Ružomberok","potentialAction":[{"@type":"SearchAction","target":{"@type":"EntryPoint","urlTemplate":"https:\/\/fotoklub.sk\/?s={search_term_string}"},"query-input":{"@type":"PropertyValueSpecification","valueRequired":true,"valueName":"search_term_string"}}],"inLanguage":"sk-SK"},{"@type":"Organization","@id":"https:\/\/fotoklub.sk\/#organization","name":"Fotoklub Ružomberok","alternateName":"Ružomberský fotoklub","url":"https:\/\/fotoklub.sk\/","logo":{"@type":"ImageObject","inLanguage":"sk-SK","@id":"https:\/\/fotoklub.sk\/#\/schema\/logo\/image\/","url":"https:\/\/fotoklub.sk\/wp-content\/uploads\/2025\/02\/Logo_new.png","contentUrl":"https:\/\/fotoklub.sk\/wp-content\/uploads\/2025\/02\/Logo_new.png","width":100,"height":98,"caption":"Fotoklub Ružomberok"},"image":{"@id":"https:\/\/fotoklub.sk\/#\/schema\/logo\/image\/"}}]}</script>
<!-- / Yoast SEO plugin. -->

Fedor Polóni - Fotoklub RK 1924

Fotografuje od roku 1950 Členstvo: Fotoklub RK 1924 v Ružomberku, Slovenská federácia fotografov Narodil sa v roku 1939. Fotografovať začal v roku 1950 vo fotokrúžku na Meštianskej škole. V roku 1953 vstúpil do mestského fotokrúžku a s jeho členmi prvý raz vystavoval v roku 1954. Zúčastnil sa na mnohých okresných, krajských i celoštátnych výstavách a &hellip;Čítať ďalej Fedor Polóni

1 minúta

1924 – 2024 | 100 rokov nepretržitej existencie Fotoklubu

Fotoklub Ružomberok

Ružomberský fotoklub
