{"id":1407,"date":"2024-01-14T18:20:04","date_gmt":"2024-01-14T17:20:04","guid":{"rendered":"https:\/\/fotoklub.sk\/?page_id=1407"},"modified":"2024-01-14T18:20:04","modified_gmt":"2024-01-14T17:20:04","slug":"novorocne-posedenie-clenov-a-priatelov-fotoklubu-rk-1924-13-1-2024-restaurant-pansky-dom","status":"publish","type":"page","link":"https:\/\/fotoklub.sk\/?page_id=1407","title":{"rendered":"Novoro\u010dn\u00e9 posedenie \u010dlenov a priate\u013eov Fotoklubu RK 1924 13. 1. 2024 Restaurant &#8211; Pansk\u00fd dom"},"content":{"rendered":"\n<figure class=\"wp-block-image size-large\"><img decoding=\"async\" width=\"1024\" height=\"768\" src=\"https:\/\/fotoklub.sk\/wp-content\/uploads\/2024\/01\/IMG_20240113_160825353_HDR-1024x768.jpg\" alt=\"\" class=\"wp-image-1408\" srcset=\"https:\/\/fotoklub.sk\/wp-content\/uploads\/2024\/01\/IMG_20240113_160825353_HDR-1024x768.jpg 1024w, https:\/\/fotoklub.sk\/wp-content\/uploads\/2024\/01\/IMG_20240113_160825353_HDR-300x225.jpg 300w, https:\/\/fotoklub.sk\/wp-content\/uploads\/2024\/01\/IMG_20240113_160825353_HDR-768x576.jpg 768w, https:\/\/fotoklub.sk\/wp-content\/uploads\/2024\/01\/IMG_20240113_160825353_HDR-1536x1152.jpg 1536w, https:\/\/fotoklub.sk\/wp-content\/uploads\/2024\/01\/IMG_20240113_160825353_HDR.jpg 1920w\" sizes=\"(max-width: 1024px) 100vw, 1024px\" \/><\/figure>\n\n\n\n<figure class=\"wp-block-image size-large\"><img decoding=\"async\" width=\"1024\" height=\"768\" src=\"https:\/\/fotoklub.sk\/wp-content\/uploads\/2024\/01\/IMG_20240113_160838414_HDR-1024x768.jpg\" alt=\"\" class=\"wp-image-1409\" srcset=\"https:\/\/fotoklub.sk\/wp-content\/uploads\/2024\/01\/IMG_20240113_160838414_HDR-1024x768.jpg 1024w, https:\/\/fotoklub.sk\/wp-content\/uploads\/2024\/01\/IMG_20240113_160838414_HDR-300x225.jpg 300w, https:\/\/fotoklub.sk\/wp-content\/uploads\/2024\/01\/IMG_20240113_160838414_HDR-768x576.jpg 768w, https:\/\/fotoklub.sk\/wp-content\/uploads\/2024\/01\/IMG_20240113_160838414_HDR-1536x1152.jpg 1536w, https:\/\/fotoklub.sk\/wp-content\/uploads\/2024\/01\/IMG_20240113_160838414_HDR.jpg 1920w\" sizes=\"(max-width: 1024px) 100vw, 1024px\" \/><\/figure>\n\n\n\n<figure class=\"wp-block-image size-large\"><img decoding=\"async\" width=\"1024\" height=\"768\" src=\"https:\/\/fotoklub.sk\/wp-content\/uploads\/2024\/01\/IMG_20240113_160910582_HDR-1024x768.jpg\" alt=\"\" class=\"wp-image-1410\" srcset=\"https:\/\/fotoklub.sk\/wp-content\/uploads\/2024\/01\/IMG_20240113_160910582_HDR-1024x768.jpg 1024w, https:\/\/fotoklub.sk\/wp-content\/uploads\/2024\/01\/IMG_20240113_160910582_HDR-300x225.jpg 300w, https:\/\/fotoklub.sk\/wp-content\/uploads\/2024\/01\/IMG_20240113_160910582_HDR-768x576.jpg 768w, https:\/\/fotoklub.sk\/wp-content\/uploads\/2024\/01\/IMG_20240113_160910582_HDR-1536x1152.jpg 1536w, https:\/\/fotoklub.sk\/wp-content\/uploads\/2024\/01\/IMG_20240113_160910582_HDR.jpg 1920w\" sizes=\"(max-width: 1024px) 100vw, 1024px\" \/><\/figure>\n\n\n\n<figure class=\"wp-block-image size-large\"><img decoding=\"async\" width=\"1024\" height=\"768\" src=\"https:\/\/fotoklub.sk\/wp-content\/uploads\/2024\/01\/IMG_20240113_160922233_HDR-1024x768.jpg\" alt=\"\" class=\"wp-image-1411\" srcset=\"https:\/\/fotoklub.sk\/wp-content\/uploads\/2024\/01\/IMG_20240113_160922233_HDR-1024x768.jpg 1024w, https:\/\/fotoklub.sk\/wp-content\/uploads\/2024\/01\/IMG_20240113_160922233_HDR-300x225.jpg 300w, https:\/\/fotoklub.sk\/wp-content\/uploads\/2024\/01\/IMG_20240113_160922233_HDR-768x576.jpg 768w, https:\/\/fotoklub.sk\/wp-content\/uploads\/2024\/01\/IMG_20240113_160922233_HDR-1536x1152.jpg 1536w, https:\/\/fotoklub.sk\/wp-content\/uploads\/2024\/01\/IMG_20240113_160922233_HDR.jpg 1920w\" sizes=\"(max-width: 1024px) 100vw, 1024px\" \/><\/figure>\n\n\n\n<figure class=\"wp-block-image size-large\"><img decoding=\"async\" width=\"1024\" height=\"768\" src=\"https:\/\/fotoklub.sk\/wp-content\/uploads\/2024\/01\/IMG_20240113_160936058_HDR-1024x768.jpg\" alt=\"\" class=\"wp-image-1412\" srcset=\"https:\/\/fotoklub.sk\/wp-content\/uploads\/2024\/01\/IMG_20240113_160936058_HDR-1024x768.jpg 1024w, https:\/\/fotoklub.sk\/wp-content\/uploads\/2024\/01\/IMG_20240113_160936058_HDR-300x225.jpg 300w, https:\/\/fotoklub.sk\/wp-content\/uploads\/2024\/01\/IMG_20240113_160936058_HDR-768x576.jpg 768w, https:\/\/fotoklub.sk\/wp-content\/uploads\/2024\/01\/IMG_20240113_160936058_HDR-1536x1152.jpg 1536w, https:\/\/fotoklub.sk\/wp-content\/uploads\/2024\/01\/IMG_20240113_160936058_HDR.jpg 1920w\" sizes=\"(max-width: 1024px) 100vw, 1024px\" \/><\/figure>\n\n\n\n<figure class=\"wp-block-image size-large\"><img decoding=\"async\" width=\"1024\" height=\"768\" src=\"https:\/\/fotoklub.sk\/wp-content\/uploads\/2024\/01\/IMG_20240113_161030012_HDR-1024x768.jpg\" alt=\"\" class=\"wp-image-1413\" srcset=\"https:\/\/fotoklub.sk\/wp-content\/uploads\/2024\/01\/IMG_20240113_161030012_HDR-1024x768.jpg 1024w, https:\/\/fotoklub.sk\/wp-content\/uploads\/2024\/01\/IMG_20240113_161030012_HDR-300x225.jpg 300w, https:\/\/fotoklub.sk\/wp-content\/uploads\/2024\/01\/IMG_20240113_161030012_HDR-768x576.jpg 768w, https:\/\/fotoklub.sk\/wp-content\/uploads\/2024\/01\/IMG_20240113_161030012_HDR-1536x1152.jpg 1536w, https:\/\/fotoklub.sk\/wp-content\/uploads\/2024\/01\/IMG_20240113_161030012_HDR.jpg 1920w\" sizes=\"(max-width: 1024px) 100vw, 1024px\" \/><\/figure>\n\n\n\n<figure class=\"wp-block-image size-large\"><img decoding=\"async\" width=\"1024\" height=\"768\" src=\"https:\/\/fotoklub.sk\/wp-content\/uploads\/2024\/01\/IMG_20240113_163552897_HDR-1024x768.jpg\" alt=\"\" class=\"wp-image-1414\" srcset=\"https:\/\/fotoklub.sk\/wp-content\/uploads\/2024\/01\/IMG_20240113_163552897_HDR-1024x768.jpg 1024w, https:\/\/fotoklub.sk\/wp-content\/uploads\/2024\/01\/IMG_20240113_163552897_HDR-300x225.jpg 300w, https:\/\/fotoklub.sk\/wp-content\/uploads\/2024\/01\/IMG_20240113_163552897_HDR-768x576.jpg 768w, https:\/\/fotoklub.sk\/wp-content\/uploads\/2024\/01\/IMG_20240113_163552897_HDR-1536x1152.jpg 1536w, https:\/\/fotoklub.sk\/wp-content\/uploads\/2024\/01\/IMG_20240113_163552897_HDR.jpg 1920w\" sizes=\"(max-width: 1024px) 100vw, 1024px\" \/><\/figure>\n\n\n\n<figure class=\"wp-block-image size-large\"><img decoding=\"async\" width=\"1024\" height=\"768\" src=\"https:\/\/fotoklub.sk\/wp-content\/uploads\/2024\/01\/IMG_20240113_163622075_HDR-1024x768.jpg\" alt=\"\" class=\"wp-image-1415\" srcset=\"https:\/\/fotoklub.sk\/wp-content\/uploads\/2024\/01\/IMG_20240113_163622075_HDR-1024x768.jpg 1024w, https:\/\/fotoklub.sk\/wp-content\/uploads\/2024\/01\/IMG_20240113_163622075_HDR-300x225.jpg 300w, https:\/\/fotoklub.sk\/wp-content\/uploads\/2024\/01\/IMG_20240113_163622075_HDR-768x576.jpg 768w, https:\/\/fotoklub.sk\/wp-content\/uploads\/2024\/01\/IMG_20240113_163622075_HDR-1536x1152.jpg 1536w, https:\/\/fotoklub.sk\/wp-content\/uploads\/2024\/01\/IMG_20240113_163622075_HDR.jpg 1920w\" sizes=\"(max-width: 1024px) 100vw, 1024px\" \/><\/figure>\n\n\n\n<figure class=\"wp-block-image size-large\"><img decoding=\"async\" width=\"1024\" height=\"768\" src=\"https:\/\/fotoklub.sk\/wp-content\/uploads\/2024\/01\/IMG_20240113_163647223_HDR-1024x768.jpg\" alt=\"\" class=\"wp-image-1416\" srcset=\"https:\/\/fotoklub.sk\/wp-content\/uploads\/2024\/01\/IMG_20240113_163647223_HDR-1024x768.jpg 1024w, https:\/\/fotoklub.sk\/wp-content\/uploads\/2024\/01\/IMG_20240113_163647223_HDR-300x225.jpg 300w, https:\/\/fotoklub.sk\/wp-content\/uploads\/2024\/01\/IMG_20240113_163647223_HDR-768x576.jpg 768w, https:\/\/fotoklub.sk\/wp-content\/uploads\/2024\/01\/IMG_20240113_163647223_HDR-1536x1152.jpg 1536w, https:\/\/fotoklub.sk\/wp-content\/uploads\/2024\/01\/IMG_20240113_163647223_HDR.jpg 1920w\" sizes=\"(max-width: 1024px) 100vw, 1024px\" \/><\/figure>\n\n\n\n<figure class=\"wp-block-image size-large\"><img decoding=\"async\" width=\"1024\" height=\"768\" src=\"https:\/\/fotoklub.sk\/wp-content\/uploads\/2024\/01\/IMG_20240113_163733332_HDR-1024x768.jpg\" alt=\"\" class=\"wp-image-1417\" srcset=\"https:\/\/fotoklub.sk\/wp-content\/uploads\/2024\/01\/IMG_20240113_163733332_HDR-1024x768.jpg 1024w, https:\/\/fotoklub.sk\/wp-content\/uploads\/2024\/01\/IMG_20240113_163733332_HDR-300x225.jpg 300w, https:\/\/fotoklub.sk\/wp-content\/uploads\/2024\/01\/IMG_20240113_163733332_HDR-768x576.jpg 768w, https:\/\/fotoklub.sk\/wp-content\/uploads\/2024\/01\/IMG_20240113_163733332_HDR-1536x1152.jpg 1536w, https:\/\/fotoklub.sk\/wp-content\/uploads\/2024\/01\/IMG_20240113_163733332_HDR.jpg 1920w\" sizes=\"(max-width: 1024px) 100vw, 1024px\" \/><\/figure>\n\n\n\n<figure class=\"wp-block-image size-large\"><img decoding=\"async\" width=\"1024\" height=\"768\" src=\"https:\/\/fotoklub.sk\/wp-content\/uploads\/2024\/01\/IMG_20240113_191049431_HDR-1024x768.jpg\" alt=\"\" class=\"wp-image-1418\" srcset=\"https:\/\/fotoklub.sk\/wp-content\/uploads\/2024\/01\/IMG_20240113_191049431_HDR-1024x768.jpg 1024w, https:\/\/fotoklub.sk\/wp-content\/uploads\/2024\/01\/IMG_20240113_191049431_HDR-300x225.jpg 300w, https:\/\/fotoklub.sk\/wp-content\/uploads\/2024\/01\/IMG_20240113_191049431_HDR-768x576.jpg 768w, https:\/\/fotoklub.sk\/wp-content\/uploads\/2024\/01\/IMG_20240113_191049431_HDR-1536x1152.jpg 1536w, https:\/\/fotoklub.sk\/wp-content\/uploads\/2024\/01\/IMG_20240113_191049431_HDR.jpg 1920w\" sizes=\"(max-width: 1024px) 100vw, 1024px\" \/><\/figure>\n\n\n\n<figure class=\"wp-block-image size-large\"><img decoding=\"async\" width=\"1024\" height=\"768\" src=\"https:\/\/fotoklub.sk\/wp-content\/uploads\/2024\/01\/IMG_20240113_191104442_HDR-1024x768.jpg\" alt=\"\" class=\"wp-image-1419\" srcset=\"https:\/\/fotoklub.sk\/wp-content\/uploads\/2024\/01\/IMG_20240113_191104442_HDR-1024x768.jpg 1024w, https:\/\/fotoklub.sk\/wp-content\/uploads\/2024\/01\/IMG_20240113_191104442_HDR-300x225.jpg 300w, https:\/\/fotoklub.sk\/wp-content\/uploads\/2024\/01\/IMG_20240113_191104442_HDR-768x576.jpg 768w, https:\/\/fotoklub.sk\/wp-content\/uploads\/2024\/01\/IMG_20240113_191104442_HDR-1536x1152.jpg 1536w, https:\/\/fotoklub.sk\/wp-content\/uploads\/2024\/01\/IMG_20240113_191104442_HDR.jpg 1920w\" sizes=\"(max-width: 1024px) 100vw, 1024px\" \/><\/figure>\n\n\n\n<figure class=\"wp-block-image size-large\"><img decoding=\"async\" width=\"1024\" height=\"768\" src=\"https:\/\/fotoklub.sk\/wp-content\/uploads\/2024\/01\/IMG_20240113_191116510_HDR-1024x768.jpg\" alt=\"\" class=\"wp-image-1420\" srcset=\"https:\/\/fotoklub.sk\/wp-content\/uploads\/2024\/01\/IMG_20240113_191116510_HDR-1024x768.jpg 1024w, https:\/\/fotoklub.sk\/wp-content\/uploads\/2024\/01\/IMG_20240113_191116510_HDR-300x225.jpg 300w, https:\/\/fotoklub.sk\/wp-content\/uploads\/2024\/01\/IMG_20240113_191116510_HDR-768x576.jpg 768w, https:\/\/fotoklub.sk\/wp-content\/uploads\/2024\/01\/IMG_20240113_191116510_HDR-1536x1152.jpg 1536w, https:\/\/fotoklub.sk\/wp-content\/uploads\/2024\/01\/IMG_20240113_191116510_HDR.jpg 1920w\" sizes=\"(max-width: 1024px) 100vw, 1024px\" \/><\/figure>\n\n\n\n<figure class=\"wp-block-image size-large\"><img decoding=\"async\" width=\"1024\" height=\"768\" src=\"https:\/\/fotoklub.sk\/wp-content\/uploads\/2024\/01\/IMG_20240113_191203692_HDR-1024x768.jpg\" alt=\"\" class=\"wp-image-1422\" srcset=\"https:\/\/fotoklub.sk\/wp-content\/uploads\/2024\/01\/IMG_20240113_191203692_HDR-1024x768.jpg 1024w, https:\/\/fotoklub.sk\/wp-content\/uploads\/2024\/01\/IMG_20240113_191203692_HDR-300x225.jpg 300w, https:\/\/fotoklub.sk\/wp-content\/uploads\/2024\/01\/IMG_20240113_191203692_HDR-768x576.jpg 768w, https:\/\/fotoklub.sk\/wp-content\/uploads\/2024\/01\/IMG_20240113_191203692_HDR-1536x1152.jpg 1536w, https:\/\/fotoklub.sk\/wp-content\/uploads\/2024\/01\/IMG_20240113_191203692_HDR.jpg 1920w\" sizes=\"(max-width: 1024px) 100vw, 1024px\" \/><\/figure>\n","protected":false},"excerpt":{"rendered":"","protected":false},"author":7,"featured_media":0,"parent":0,"menu_order":0,"comment_status":"closed","ping_status":"closed","template":"","meta":{"footnotes":""},"class_list":["post-1407","page","type-page","status-publish","hentry"],"yoast_head":"<!-- This site is optimized with the Yoast SEO plugin v27.4 - https:\/\/yoast.com\/product\/yoast-seo-wordpress\/ -->\n<title>Novoro\u010dn\u00e9 posedenie \u010dlenov a priate\u013eov Fotoklubu RK 1924 13. 1. 2024 Restaurant - Pansk\u00fd dom - Fotoklub RK 1924<\/title>\n<meta name=\"robots\" content=\"index, follow, max-snippet:-1, max-image-preview:large, max-video-preview:-1\" \/>\n<link rel=\"canonical\" href=\"https:\/\/fotoklub.sk\/?page_id=1407\" \/>\n<meta property=\"og:locale\" content=\"sk_SK\" \/>\n<meta property=\"og:type\" content=\"article\" \/>\n<meta property=\"og:title\" content=\"Novoro\u010dn\u00e9 posedenie \u010dlenov a priate\u013eov Fotoklubu RK 1924 13. 1. 2024 Restaurant - Pansk\u00fd dom - Fotoklub RK 1924\" \/>\n<meta property=\"og:url\" content=\"https:\/\/fotoklub.sk\/?page_id=1407\" \/>\n<meta property=\"og:site_name\" content=\"Fotoklub RK 1924\" \/>\n<meta property=\"og:image\" content=\"https:\/\/fotoklub.sk\/wp-content\/uploads\/2024\/01\/IMG_20240113_160825353_HDR.jpg\" \/>\n\t<meta property=\"og:image:width\" content=\"1920\" \/>\n\t<meta property=\"og:image:height\" content=\"1440\" \/>\n\t<meta property=\"og:image:type\" content=\"image\/jpeg\" \/>\n<meta name=\"twitter:card\" content=\"summary_large_image\" \/>\n<script type=\"application\/ld+json\" class=\"yoast-schema-graph\">{\"@context\":\"https:\\\/\\\/schema.org\",\"@graph\":[{\"@type\":\"WebPage\",\"@id\":\"https:\\\/\\\/fotoklub.sk\\\/?page_id=1407\",\"url\":\"https:\\\/\\\/fotoklub.sk\\\/?page_id=1407\",\"name\":\"Novoro\u010dn\u00e9 posedenie \u010dlenov a priate\u013eov Fotoklubu RK 1924 13. 1. 2024 Restaurant - Pansk\u00fd dom - Fotoklub RK 1924\",\"isPartOf\":{\"@id\":\"https:\\\/\\\/fotoklub.sk\\\/#website\"},\"primaryImageOfPage\":{\"@id\":\"https:\\\/\\\/fotoklub.sk\\\/?page_id=1407#primaryimage\"},\"image\":{\"@id\":\"https:\\\/\\\/fotoklub.sk\\\/?page_id=1407#primaryimage\"},\"thumbnailUrl\":\"https:\\\/\\\/fotoklub.sk\\\/wp-content\\\/uploads\\\/2024\\\/01\\\/IMG_20240113_160825353_HDR-1024x768.jpg\",\"datePublished\":\"2024-01-14T17:20:04+00:00\",\"breadcrumb\":{\"@id\":\"https:\\\/\\\/fotoklub.sk\\\/?page_id=1407#breadcrumb\"},\"inLanguage\":\"sk-SK\",\"potentialAction\":[{\"@type\":\"ReadAction\",\"target\":[\"https:\\\/\\\/fotoklub.sk\\\/?page_id=1407\"]}]},{\"@type\":\"ImageObject\",\"inLanguage\":\"sk-SK\",\"@id\":\"https:\\\/\\\/fotoklub.sk\\\/?page_id=1407#primaryimage\",\"url\":\"https:\\\/\\\/fotoklub.sk\\\/wp-content\\\/uploads\\\/2024\\\/01\\\/IMG_20240113_160825353_HDR.jpg\",\"contentUrl\":\"https:\\\/\\\/fotoklub.sk\\\/wp-content\\\/uploads\\\/2024\\\/01\\\/IMG_20240113_160825353_HDR.jpg\",\"width\":1920,\"height\":1440},{\"@type\":\"BreadcrumbList\",\"@id\":\"https:\\\/\\\/fotoklub.sk\\\/?page_id=1407#breadcrumb\",\"itemListElement\":[{\"@type\":\"ListItem\",\"position\":1,\"name\":\"Domov\",\"item\":\"https:\\\/\\\/fotoklub.sk\\\/\"},{\"@type\":\"ListItem\",\"position\":2,\"name\":\"Novoro\u010dn\u00e9 posedenie \u010dlenov a priate\u013eov Fotoklubu RK 1924 13. 1. 2024 Restaurant &#8211; Pansk\u00fd dom\"}]},{\"@type\":\"WebSite\",\"@id\":\"https:\\\/\\\/fotoklub.sk\\\/#website\",\"url\":\"https:\\\/\\\/fotoklub.sk\\\/\",\"name\":\"Fotoklub RK 1924\",\"description\":\"1924 \u2013 2024 | 100 rokov nepretr\u017eitej existencie Fotoklubu\",\"publisher\":{\"@id\":\"https:\\\/\\\/fotoklub.sk\\\/#organization\"},\"alternateName\":\"Fotoklub Ru\u017eomberok\",\"potentialAction\":[{\"@type\":\"SearchAction\",\"target\":{\"@type\":\"EntryPoint\",\"urlTemplate\":\"https:\\\/\\\/fotoklub.sk\\\/?s={search_term_string}\"},\"query-input\":{\"@type\":\"PropertyValueSpecification\",\"valueRequired\":true,\"valueName\":\"search_term_string\"}}],\"inLanguage\":\"sk-SK\"},{\"@type\":\"Organization\",\"@id\":\"https:\\\/\\\/fotoklub.sk\\\/#organization\",\"name\":\"Fotoklub Ru\u017eomberok\",\"alternateName\":\"Ru\u017eombersk\u00fd fotoklub\",\"url\":\"https:\\\/\\\/fotoklub.sk\\\/\",\"logo\":{\"@type\":\"ImageObject\",\"inLanguage\":\"sk-SK\",\"@id\":\"https:\\\/\\\/fotoklub.sk\\\/#\\\/schema\\\/logo\\\/image\\\/\",\"url\":\"https:\\\/\\\/fotoklub.sk\\\/wp-content\\\/uploads\\\/2025\\\/02\\\/Logo_new.png\",\"contentUrl\":\"https:\\\/\\\/fotoklub.sk\\\/wp-content\\\/uploads\\\/2025\\\/02\\\/Logo_new.png\",\"width\":100,\"height\":98,\"caption\":\"Fotoklub Ru\u017eomberok\"},\"image\":{\"@id\":\"https:\\\/\\\/fotoklub.sk\\\/#\\\/schema\\\/logo\\\/image\\\/\"}}]}<\/script>\n<!-- \/ Yoast SEO plugin. -->","yoast_head_json":{"title":"Novoro\u010dn\u00e9 posedenie \u010dlenov a priate\u013eov Fotoklubu RK 1924 13. 1. 2024 Restaurant - Pansk\u00fd dom - Fotoklub RK 1924","robots":{"index":"index","follow":"follow","max-snippet":"max-snippet:-1","max-image-preview":"max-image-preview:large","max-video-preview":"max-video-preview:-1"},"canonical":"https:\/\/fotoklub.sk\/?page_id=1407","og_locale":"sk_SK","og_type":"article","og_title":"Novoro\u010dn\u00e9 posedenie \u010dlenov a priate\u013eov Fotoklubu RK 1924 13. 1. 2024 Restaurant - Pansk\u00fd dom - Fotoklub RK 1924","og_url":"https:\/\/fotoklub.sk\/?page_id=1407","og_site_name":"Fotoklub RK 1924","og_image":[{"width":1920,"height":1440,"url":"https:\/\/fotoklub.sk\/wp-content\/uploads\/2024\/01\/IMG_20240113_160825353_HDR.jpg","type":"image\/jpeg"}],"twitter_card":"summary_large_image","schema":{"@context":"https:\/\/schema.org","@graph":[{"@type":"WebPage","@id":"https:\/\/fotoklub.sk\/?page_id=1407","url":"https:\/\/fotoklub.sk\/?page_id=1407","name":"Novoro\u010dn\u00e9 posedenie \u010dlenov a priate\u013eov Fotoklubu RK 1924 13. 1. 2024 Restaurant - Pansk\u00fd dom - Fotoklub RK 1924","isPartOf":{"@id":"https:\/\/fotoklub.sk\/#website"},"primaryImageOfPage":{"@id":"https:\/\/fotoklub.sk\/?page_id=1407#primaryimage"},"image":{"@id":"https:\/\/fotoklub.sk\/?page_id=1407#primaryimage"},"thumbnailUrl":"https:\/\/fotoklub.sk\/wp-content\/uploads\/2024\/01\/IMG_20240113_160825353_HDR-1024x768.jpg","datePublished":"2024-01-14T17:20:04+00:00","breadcrumb":{"@id":"https:\/\/fotoklub.sk\/?page_id=1407#breadcrumb"},"inLanguage":"sk-SK","potentialAction":[{"@type":"ReadAction","target":["https:\/\/fotoklub.sk\/?page_id=1407"]}]},{"@type":"ImageObject","inLanguage":"sk-SK","@id":"https:\/\/fotoklub.sk\/?page_id=1407#primaryimage","url":"https:\/\/fotoklub.sk\/wp-content\/uploads\/2024\/01\/IMG_20240113_160825353_HDR.jpg","contentUrl":"https:\/\/fotoklub.sk\/wp-content\/uploads\/2024\/01\/IMG_20240113_160825353_HDR.jpg","width":1920,"height":1440},{"@type":"BreadcrumbList","@id":"https:\/\/fotoklub.sk\/?page_id=1407#breadcrumb","itemListElement":[{"@type":"ListItem","position":1,"name":"Domov","item":"https:\/\/fotoklub.sk\/"},{"@type":"ListItem","position":2,"name":"Novoro\u010dn\u00e9 posedenie \u010dlenov a priate\u013eov Fotoklubu RK 1924 13. 1. 2024 Restaurant &#8211; Pansk\u00fd dom"}]},{"@type":"WebSite","@id":"https:\/\/fotoklub.sk\/#website","url":"https:\/\/fotoklub.sk\/","name":"Fotoklub RK 1924","description":"1924 \u2013 2024 | 100 rokov nepretr\u017eitej existencie Fotoklubu","publisher":{"@id":"https:\/\/fotoklub.sk\/#organization"},"alternateName":"Fotoklub Ru\u017eomberok","potentialAction":[{"@type":"SearchAction","target":{"@type":"EntryPoint","urlTemplate":"https:\/\/fotoklub.sk\/?s={search_term_string}"},"query-input":{"@type":"PropertyValueSpecification","valueRequired":true,"valueName":"search_term_string"}}],"inLanguage":"sk-SK"},{"@type":"Organization","@id":"https:\/\/fotoklub.sk\/#organization","name":"Fotoklub Ru\u017eomberok","alternateName":"Ru\u017eombersk\u00fd fotoklub","url":"https:\/\/fotoklub.sk\/","logo":{"@type":"ImageObject","inLanguage":"sk-SK","@id":"https:\/\/fotoklub.sk\/#\/schema\/logo\/image\/","url":"https:\/\/fotoklub.sk\/wp-content\/uploads\/2025\/02\/Logo_new.png","contentUrl":"https:\/\/fotoklub.sk\/wp-content\/uploads\/2025\/02\/Logo_new.png","width":100,"height":98,"caption":"Fotoklub Ru\u017eomberok"},"image":{"@id":"https:\/\/fotoklub.sk\/#\/schema\/logo\/image\/"}}]}},"jetpack_sharing_enabled":true,"_links":{"self":[{"href":"https:\/\/fotoklub.sk\/index.php?rest_route=\/wp\/v2\/pages\/1407","targetHints":{"allow":["GET"]}}],"collection":[{"href":"https:\/\/fotoklub.sk\/index.php?rest_route=\/wp\/v2\/pages"}],"about":[{"href":"https:\/\/fotoklub.sk\/index.php?rest_route=\/wp\/v2\/types\/page"}],"author":[{"embeddable":true,"href":"https:\/\/fotoklub.sk\/index.php?rest_route=\/wp\/v2\/users\/7"}],"replies":[{"embeddable":true,"href":"https:\/\/fotoklub.sk\/index.php?rest_route=%2Fwp%2Fv2%2Fcomments&post=1407"}],"version-history":[{"count":1,"href":"https:\/\/fotoklub.sk\/index.php?rest_route=\/wp\/v2\/pages\/1407\/revisions"}],"predecessor-version":[{"id":1423,"href":"https:\/\/fotoklub.sk\/index.php?rest_route=\/wp\/v2\/pages\/1407\/revisions\/1423"}],"wp:attachment":[{"href":"https:\/\/fotoklub.sk\/index.php?rest_route=%2Fwp%2Fv2%2Fmedia&parent=1407"}],"curies":[{"name":"wp","href":"https:\/\/api.w.org\/{rel}","templated":true}]}}